{"id":15708,"date":"2025-07-02T11:30:20","date_gmt":"2025-07-02T10:30:20","guid":{"rendered":"https:\/\/bagesturisme.cat\/?post_type=agenda&#038;p=15708"},"modified":"2025-07-04T10:50:38","modified_gmt":"2025-07-04T09:50:38","slug":"monacalia-fira-de-labat","status":"publish","type":"agenda","link":"https:\/\/www.bagesturisme.cat\/es\/esdeveniments\/monacalia-fira-de-labat\/","title":{"rendered":"Monac\u00e0lia. Fira de l\u2019Abat"},"content":{"rendered":"La feria Monac\u00e0lia celebra la relaci\u00f3n tan cercana con el monasterio de Sant Benet desde el siglo X a trav\u00e9s de una demostraci\u00f3n del comercio, los oficios de antes provenientes del textil<br \/>\ny el vi\u00f1edo, acciones de la vida cotidiana como hacer colada, elaborar perfumes, mermeladas, colchones o desgranar ma\u00edz. Todo un conjunto de experiencias para pasar una cabeza de<br \/>\nsemana fant\u00e1stico.<\/p>\n<p><strong><br \/>\nwww.monacalia.cat<\/strong>","protected":false},"featured_media":15709,"template":"","tags":[],"class_list":["post-15708","agenda","type-agenda","status-publish","has-post-thumbnail","hentry","municipi-navarcles"],"acf":{"data_ordre":"20260401","ordre_final":"20260413","data_actual":"principis d'abril","data_general":"principis d'abril","entitat":" Comissi\u00f3 Fira de l\u2019Abat Navarcles i Ajuntament de Navarcles","adreca":"","telefon":"","email":"","web":"","web_entitat":"","accessible":false,"gratis":false,"galeria":false,"ubicacio":false},"_links":{"self":[{"href":"https:\/\/www.bagesturisme.cat\/es\/wp-json\/wp\/v2\/agenda\/15708","targetHints":{"allow":["GET"]}}],"collection":[{"href":"https:\/\/www.bagesturisme.cat\/es\/wp-json\/wp\/v2\/agenda"}],"about":[{"href":"https:\/\/www.bagesturisme.cat\/es\/wp-json\/wp\/v2\/types\/agenda"}],"wp:featuredmedia":[{"embeddable":true,"href":"https:\/\/www.bagesturisme.cat\/es\/wp-json\/wp\/v2\/media\/15709"}],"wp:attachment":[{"href":"https:\/\/www.bagesturisme.cat\/es\/wp-json\/wp\/v2\/media?parent=15708"}],"wp:term":[{"taxonomy":"post_tag","embeddable":true,"href":"https:\/\/www.bagesturisme.cat\/es\/wp-json\/wp\/v2\/tags?post=15708"}],"curies":[{"name":"wp","href":"https:\/\/api.w.org\/{rel}","templated":true}]}}

Monacàlia. Fira de l’Abat

La feria Monacàlia celebra la relación tan cercana con el monasterio de Sant Benet desde el siglo X a través de una demostración del comercio, los oficios de antes provenientes del textil<br />
y el viñedo, acciones de la vida cotidiana como hacer colada, elaborar perfumes, mermeladas, colchones o desgranar maíz. Todo un conjunto de experiencias para pasar una cabeza de<br />
semana fantástico.</p>
<p><strong><br />
www.monacalia.cat</strong>

Comissió Fira de l’Abat Navarcles i Ajuntament de Navarcles
