{"id":15699,"date":"2025-07-01T08:06:47","date_gmt":"2025-07-01T07:06:47","guid":{"rendered":"https:\/\/bagesturisme.cat\/?post_type=agenda&#038;p=15699"},"modified":"2025-07-02T10:25:48","modified_gmt":"2025-07-02T09:25:48","slug":"mercat-de-la-terra-2","status":"publish","type":"agenda","link":"https:\/\/www.bagesturisme.cat\/es\/esdeveniments\/mercat-de-la-terra-2\/","title":{"rendered":"MERCAT DE LA TERRA"},"content":{"rendered":"&nbsp;<\/p>\n<p>S\u00e1bado 21 de junio, de 9:00h a 13:00h, en el Cobiert de la M\u00e0quina de Batre<\/p>\n<p>Mercado de productos locales, buenos\u00a0 y justos, directo de los productores integrantes del movimiento SLOW FOOD de la Comunitat de la Catalunya Central<\/p>\n<p>&nbsp;<\/p>\n<p>&nbsp;<\/p>\n<p>Este mes, adem\u00e1s del vermut musical, habr\u00e1 actividades paralelas vinculadas al tomate que ser\u00e1 el producto estrella de esta edici\u00f3n<\/p>\n<p>M\u00e1s informaci\u00f3n a https:\/\/www.santfruitos.cat","protected":false},"featured_media":15700,"template":"","tags":[],"class_list":["post-15699","agenda","type-agenda","status-publish","has-post-thumbnail","hentry","municipi-sant-fruitos-de-bages"],"acf":{"data_ordre":"20250719","ordre_final":"20250719","data_actual":"19\/07\/2025","data_general":"","entitat":"Ajuntament Sant Fruit\u00f3s de Bages","adreca":"Pla\u00e7a de la Vila, 1","telefon":"93 878 97 02","email":" ajuntament@santfruitos.cat","web":"https:\/\/turismesantfruitos.cat\/","web_entitat":"https:\/\/www.santfruitos.cat\/","accessible":true,"gratis":true,"galeria":false,"ubicacio":false},"_links":{"self":[{"href":"https:\/\/www.bagesturisme.cat\/es\/wp-json\/wp\/v2\/agenda\/15699","targetHints":{"allow":["GET"]}}],"collection":[{"href":"https:\/\/www.bagesturisme.cat\/es\/wp-json\/wp\/v2\/agenda"}],"about":[{"href":"https:\/\/www.bagesturisme.cat\/es\/wp-json\/wp\/v2\/types\/agenda"}],"wp:featuredmedia":[{"embeddable":true,"href":"https:\/\/www.bagesturisme.cat\/es\/wp-json\/wp\/v2\/media\/15700"}],"wp:attachment":[{"href":"https:\/\/www.bagesturisme.cat\/es\/wp-json\/wp\/v2\/media?parent=15699"}],"wp:term":[{"taxonomy":"post_tag","embeddable":true,"href":"https:\/\/www.bagesturisme.cat\/es\/wp-json\/wp\/v2\/tags?post=15699"}],"curies":[{"name":"wp","href":"https:\/\/api.w.org\/{rel}","templated":true}]}}

&nbsp;</p>
<p>Sábado 21 de junio, de 9:00h a 13:00h, en el Cobiert de la Màquina de Batre</p>
<p>Mercado de productos locales, buenos  y justos, directo de los productores integrantes del movimiento SLOW FOOD de la Comunitat de la Catalunya Central</p>
<p>&nbsp;</p>
<p>&nbsp;</p>
<p>Este mes, además del vermut musical, habrá actividades paralelas vinculadas al tomate que será el producto estrella de esta edición</p>
<p>Más información a https://www.santfruitos.cat

Ajuntament Sant Fruitós de Bages

Plaça de la Vila, 1
