{"id":15693,"date":"2025-06-30T07:17:44","date_gmt":"2025-06-30T06:17:44","guid":{"rendered":"https:\/\/bagesturisme.cat\/?post_type=agenda&#038;p=15693"},"modified":"2025-07-02T11:11:28","modified_gmt":"2025-07-02T10:11:28","slug":"lenigma-de-les-joies-del-monestir-4","status":"publish","type":"agenda","link":"https:\/\/www.bagesturisme.cat\/es\/esdeveniments\/lenigma-de-les-joies-del-monestir-4\/","title":{"rendered":"EL ENIGMA DE LAS JOYAS DEL MONASTERIO"},"content":{"rendered":"Ha habido un robo en el monasterio. \u00bfNos ayuda a resolverlo?<\/p>\n<p>Verano de 1910. En el monasterio est\u00e1 prevista una recepci\u00f3n que ha organizado D\u00aa. Elisa Carb\u00f3, la madre del pintor Ramon Casas. Son las 7 de la tarde. Todo est\u00e1 listo y s\u00f3lo le falta ponerse las joyas. Pero el joyero est\u00e1 vac\u00edo. \u00a1Un robo como \u00e9ste no puede quedar impune! D\u00aa. Elisa Carb\u00f3 avisa a los m\u00e1s prestigiosos inspectores de polic\u00eda. Es necesario resolver el caso en un tiempo r\u00e9cord, antes de que el ladr\u00f3n salga del monasterio con las joyas.<\/p>\n<p>Inspirada en un famoso juego de mesa, la actividad har\u00e1 que los participantes se pongan en la piel de los polic\u00edas encargados de resolver el robo. Todos los ojos apuntan a alguien del servicio como culpable. Pero, \u00bfcu\u00e1l de los 8 criados que trabajan en el monasterio puede haber cometido el delito? \u00bfY d\u00f3nde ha escondido las joyas?<\/p>\n<p>&nbsp;<\/p>\n<p>Duraci\u00f3n de la actividad:\u00a01,30h<br \/>\nIdiomas:\u00a0Espa\u00f1ol<br \/>\nPrecios:\u00a015\u20ac Adultos \u2013 7\u20ac Ni\u00f1os","protected":false},"featured_media":15694,"template":"","tags":[],"class_list":["post-15693","agenda","type-agenda","status-publish","has-post-thumbnail","hentry","municipi-sant-fruitos-de-bages"],"acf":{"data_ordre":"20250712","ordre_final":"20250726","data_actual":"disponibles els dissabtes 12, 19 i 26 de juliol a les 18:30h","data_general":"disponibles els dissabtes 12, 19 i 26 de juliol a les 18:30h","entitat":"M\u00f3n Sant Benet","adreca":"Cam\u00ed de Sant Benet S\/N  08272 Sant Fruit\u00f3s de Bages","telefon":"938759401","email":"info@monsantbenet.com","web":"https:\/\/monsantbenet.com\/ca\/visites-i-activitats\/lenigma-de-les-joies-del-monestir\/","web_entitat":"","accessible":false,"gratis":false,"galeria":[{"ID":15694,"id":15694,"title":"087web-1024x800.jpg","filename":"087web-1024x800.jpg.webp","filesize":36494,"url":"https:\/\/www.bagesturisme.cat\/wp-content\/uploads\/2025\/06\/087web-1024x800.jpg.webp","link":"https:\/\/www.bagesturisme.cat\/es\/esdeveniments\/lenigma-de-les-joies-del-monestir-4\/087web-1024x800-jpg\/","alt":"","author":"3","description":"","caption":"","name":"087web-1024x800-jpg","status":"inherit","uploaded_to":15693,"date":"2025-06-30 06:14:33","modified":"2025-06-30 06:14:36","menu_order":0,"mime_type":"image\/webp","type":"image","subtype":"webp","icon":"https:\/\/www.bagesturisme.cat\/wp-includes\/images\/media\/default.png","width":1024,"height":800,"sizes":{"thumbnail":"https:\/\/www.bagesturisme.cat\/wp-content\/uploads\/2025\/06\/087web-1024x800.jpg-150x150.webp","thumbnail-width":150,"thumbnail-height":150,"medium":"https:\/\/www.bagesturisme.cat\/wp-content\/uploads\/2025\/06\/087web-1024x800.jpg-512x400.webp","medium-width":512,"medium-height":400,"medium_large":"https:\/\/www.bagesturisme.cat\/wp-content\/uploads\/2025\/06\/087web-1024x800.jpg-768x600.webp","medium_large-width":768,"medium_large-height":600,"large":"https:\/\/www.bagesturisme.cat\/wp-content\/uploads\/2025\/06\/087web-1024x800.jpg.webp","large-width":1024,"large-height":800,"1536x1536":"https:\/\/www.bagesturisme.cat\/wp-content\/uploads\/2025\/06\/087web-1024x800.jpg.webp","1536x1536-width":1024,"1536x1536-height":800,"2048x2048":"https:\/\/www.bagesturisme.cat\/wp-content\/uploads\/2025\/06\/087web-1024x800.jpg.webp","2048x2048-width":1024,"2048x2048-height":800,"blog-large":"https:\/\/www.bagesturisme.cat\/wp-content\/uploads\/2025\/06\/087web-1024x800.jpg.webp","blog-large-width":348,"blog-large-height":272,"blog-medium":"https:\/\/www.bagesturisme.cat\/wp-content\/uploads\/2025\/06\/087web-1024x800.jpg.webp","blog-medium-width":259,"blog-medium-height":202,"recent-posts":"https:\/\/www.bagesturisme.cat\/wp-content\/uploads\/2025\/06\/087web-1024x800.jpg.webp","recent-posts-width":564,"recent-posts-height":441,"recent-works-thumbnail":"https:\/\/www.bagesturisme.cat\/wp-content\/uploads\/2025\/06\/087web-1024x800.jpg.webp","recent-works-thumbnail-width":66,"recent-works-thumbnail-height":52,"fusion-200":"https:\/\/www.bagesturisme.cat\/wp-content\/uploads\/2025\/06\/087web-1024x800.jpg.webp","fusion-200-width":200,"fusion-200-height":156,"fusion-400":"https:\/\/www.bagesturisme.cat\/wp-content\/uploads\/2025\/06\/087web-1024x800.jpg.webp","fusion-400-width":400,"fusion-400-height":313,"fusion-600":"https:\/\/www.bagesturisme.cat\/wp-content\/uploads\/2025\/06\/087web-1024x800.jpg.webp","fusion-600-width":600,"fusion-600-height":469,"fusion-800":"https:\/\/www.bagesturisme.cat\/wp-content\/uploads\/2025\/06\/087web-1024x800.jpg.webp","fusion-800-width":800,"fusion-800-height":625,"fusion-1200":"https:\/\/www.bagesturisme.cat\/wp-content\/uploads\/2025\/06\/087web-1024x800.jpg.webp","fusion-1200-width":1024,"fusion-1200-height":800,"portfolio-full":"https:\/\/www.bagesturisme.cat\/wp-content\/uploads\/2025\/06\/087web-1024x800.jpg.webp","portfolio-full-width":512,"portfolio-full-height":400,"portfolio-one":"https:\/\/www.bagesturisme.cat\/wp-content\/uploads\/2025\/06\/087web-1024x800.jpg.webp","portfolio-one-width":348,"portfolio-one-height":272,"portfolio-two":"https:\/\/www.bagesturisme.cat\/wp-content\/uploads\/2025\/06\/087web-1024x800.jpg.webp","portfolio-two-width":378,"portfolio-two-height":295,"portfolio-three":"https:\/\/www.bagesturisme.cat\/wp-content\/uploads\/2025\/06\/087web-1024x800.jpg.webp","portfolio-three-width":274,"portfolio-three-height":214,"portfolio-five":"https:\/\/www.bagesturisme.cat\/wp-content\/uploads\/2025\/06\/087web-1024x800.jpg.webp","portfolio-five-width":177,"portfolio-five-height":138}}],"ubicacio":false},"_links":{"self":[{"href":"https:\/\/www.bagesturisme.cat\/es\/wp-json\/wp\/v2\/agenda\/15693","targetHints":{"allow":["GET"]}}],"collection":[{"href":"https:\/\/www.bagesturisme.cat\/es\/wp-json\/wp\/v2\/agenda"}],"about":[{"href":"https:\/\/www.bagesturisme.cat\/es\/wp-json\/wp\/v2\/types\/agenda"}],"wp:featuredmedia":[{"embeddable":true,"href":"https:\/\/www.bagesturisme.cat\/es\/wp-json\/wp\/v2\/media\/15694"}],"wp:attachment":[{"href":"https:\/\/www.bagesturisme.cat\/es\/wp-json\/wp\/v2\/media?parent=15693"}],"wp:term":[{"taxonomy":"post_tag","embeddable":true,"href":"https:\/\/www.bagesturisme.cat\/es\/wp-json\/wp\/v2\/tags?post=15693"}],"curies":[{"name":"wp","href":"https:\/\/api.w.org\/{rel}","templated":true}]}}

Ha habido un robo en el monasterio. ¿Nos ayuda a resolverlo?</p>
<p>Verano de 1910. En el monasterio está prevista una recepción que ha organizado Dª. Elisa Carbó, la madre del pintor Ramon Casas. Son las 7 de la tarde. Todo está listo y sólo le falta ponerse las joyas. Pero el joyero está vacío. ¡Un robo como éste no puede quedar impune! Dª. Elisa Carbó avisa a los más prestigiosos inspectores de policía. Es necesario resolver el caso en un tiempo récord, antes de que el ladrón salga del monasterio con las joyas.</p>
<p>Inspirada en un famoso juego de mesa, la actividad hará que los participantes se pongan en la piel de los policías encargados de resolver el robo. Todos los ojos apuntan a alguien del servicio como culpable. Pero, ¿cuál de los 8 criados que trabajan en el monasterio puede haber cometido el delito? ¿Y dónde ha escondido las joyas?</p>
<p>&nbsp;</p>
<p>Duración de la actividad: 1,30h<br />
Idiomas: Español<br />
Precios: 15€ Adultos – 7€ Niños

Món Sant Benet

Camí de Sant Benet S/N  08272 Sant Fruitós de Bages
