{"id":15671,"date":"2025-06-27T09:34:39","date_gmt":"2025-06-27T08:34:39","guid":{"rendered":"https:\/\/bagesturisme.cat\/?post_type=agenda&#038;p=15671"},"modified":"2025-07-02T10:24:43","modified_gmt":"2025-07-02T09:24:43","slug":"caminada-nocturna-de-descoberta-de-patrimoni","status":"publish","type":"agenda","link":"https:\/\/www.bagesturisme.cat\/es\/esdeveniments\/caminada-nocturna-de-descoberta-de-patrimoni\/","title":{"rendered":"RUTA CIRCULAR POR SANT BENET DE BAGES"},"content":{"rendered":"Caminata circular por San Benet, hacia las Brucardes pasando por la Font de la Tolega. Ser\u00e1n unos 8 km aproximadamente, por pista.<\/p>\n<p>Dificultad baja. Se recomienda llevar linterna frontal y calzado c\u00f3modo. <\/p>\n<p>A la llegada os podre\u00eds apuntar a una botifarrada acompa\u00f1ada de m\u00fasica en el Cobert de la M\u00e1quina de Batre!<br \/>\nAnimaos!<\/p>\n<p>&nbsp;<\/p>\n<p><strong>S\u00e1bado 19 de julio de 2025.\u00a0<\/strong><\/p>\n<p><strong>Salida desde el NEXO Espai de Cultura a las 20:00h.<\/strong>","protected":false},"featured_media":15672,"template":"","tags":[],"class_list":["post-15671","agenda","type-agenda","status-publish","has-post-thumbnail","hentry","municipi-sant-fruitos-de-bages","indicadors-activitat-guiada"],"acf":{"data_ordre":"20250719","ordre_final":"20250719","data_actual":"19\/07\/2025","data_general":"","entitat":"Ajuntament Sant Fruit\u00f3s de Bages","adreca":"Pla\u00e7a de la Vila, 1","telefon":"93 878 97 02","email":"","web":"https:\/\/turismesantfruitos.cat\/","web_entitat":"https:\/\/www.santfruitos.cat\/","accessible":false,"gratis":true,"galeria":false,"ubicacio":false},"_links":{"self":[{"href":"https:\/\/www.bagesturisme.cat\/es\/wp-json\/wp\/v2\/agenda\/15671","targetHints":{"allow":["GET"]}}],"collection":[{"href":"https:\/\/www.bagesturisme.cat\/es\/wp-json\/wp\/v2\/agenda"}],"about":[{"href":"https:\/\/www.bagesturisme.cat\/es\/wp-json\/wp\/v2\/types\/agenda"}],"wp:featuredmedia":[{"embeddable":true,"href":"https:\/\/www.bagesturisme.cat\/es\/wp-json\/wp\/v2\/media\/15672"}],"wp:attachment":[{"href":"https:\/\/www.bagesturisme.cat\/es\/wp-json\/wp\/v2\/media?parent=15671"}],"wp:term":[{"taxonomy":"post_tag","embeddable":true,"href":"https:\/\/www.bagesturisme.cat\/es\/wp-json\/wp\/v2\/tags?post=15671"}],"curies":[{"name":"wp","href":"https:\/\/api.w.org\/{rel}","templated":true}]}}

Caminata circular por San Benet, hacia las Brucardes pasando por la Font de la Tolega. Serán unos 8 km aproximadamente, por pista.</p>
<p>Dificultad baja. Se recomienda llevar linterna frontal y calzado cómodo. </p>
<p>A la llegada os podreís apuntar a una botifarrada acompañada de música en el Cobert de la Máquina de Batre!<br />
Animaos!</p>
<p>&nbsp;</p>
<p><strong>Sábado 19 de julio de 2025. </strong></p>
<p><strong>Salida desde el NEXO Espai de Cultura a las 20:00h.</strong>

Ajuntament Sant Fruitós de Bages

Plaça de la Vila, 1
