{"id":15641,"date":"2025-06-12T11:28:27","date_gmt":"2025-06-12T10:28:27","guid":{"rendered":"https:\/\/bagesturisme.cat\/?post_type=agenda&#038;p=15641"},"modified":"2025-07-04T10:59:36","modified_gmt":"2025-07-04T09:59:36","slug":"vesprades-destiu-a-la-seu","status":"publish","type":"agenda","link":"https:\/\/www.bagesturisme.cat\/es\/esdeveniments\/vesprades-destiu-a-la-seu\/","title":{"rendered":"Vesprades d&#8217;estiu a la Seu"},"content":{"rendered":"Las \u00abVesprades d&#8217;estiu a la Seu\u00bb  (\u00abTardes de verano en la Seu\u00bb) son unas visitas guiadas especiales que ya se han convertido en un imprescindible de los atardeceres de julio a Manresa.<\/p>\n<p>La propuesta permite conocer la bas\u00edlica de la Seu en un momento del d\u00eda m\u00e1gico y desde una perspectiva diferente: cuando el sol empieza a ponerse, el templo cierra sus puertas y reina el silencio. Los visitantes podr\u00e1n recorrer la bas\u00edlica y conocer espacios reservados que normalmente no est\u00e1n incluidos en la visita, como el atrio y la primera cubierta.<\/p>\n<p>Fechas: 4, 10 y 18 de julio a las 19.30h<br \/>\nPrecio: 9\u20ac \/ persona (menores de 7 a\u00f1os gratuito)<br \/>\nEntradas: hace falta inscripci\u00f3n previa a https:\/\/entrapol.is\/wnaan","protected":false},"featured_media":15642,"template":"","tags":[],"class_list":["post-15641","agenda","type-agenda","status-publish","has-post-thumbnail","hentry","municipi-manresa"],"acf":{"email":"gestio@seudemanresa.cat","adreca":"Baixada de la Seu, 1","web":"https:\/\/seudemanresa.cat\/vesprades-destiu-2025\/","data_actual":"04\/07\/2025","data_ordre":"20250704","data_general":"juliol","entitat":"Bas\u00edlica de Santa Maria de la Seu de Manresa","web_entitat":"https:\/\/seudemanresa.cat\/","telefon":"93 872 15 12 ","ordre_final":"20250718","accessible":false,"gratis":false,"galeria":false,"ubicacio":false},"_links":{"self":[{"href":"https:\/\/www.bagesturisme.cat\/es\/wp-json\/wp\/v2\/agenda\/15641","targetHints":{"allow":["GET"]}}],"collection":[{"href":"https:\/\/www.bagesturisme.cat\/es\/wp-json\/wp\/v2\/agenda"}],"about":[{"href":"https:\/\/www.bagesturisme.cat\/es\/wp-json\/wp\/v2\/types\/agenda"}],"wp:featuredmedia":[{"embeddable":true,"href":"https:\/\/www.bagesturisme.cat\/es\/wp-json\/wp\/v2\/media\/15642"}],"wp:attachment":[{"href":"https:\/\/www.bagesturisme.cat\/es\/wp-json\/wp\/v2\/media?parent=15641"}],"wp:term":[{"taxonomy":"post_tag","embeddable":true,"href":"https:\/\/www.bagesturisme.cat\/es\/wp-json\/wp\/v2\/tags?post=15641"}],"curies":[{"name":"wp","href":"https:\/\/api.w.org\/{rel}","templated":true}]}}

Las «Vesprades d&#8217;estiu a la Seu»  («Tardes de verano en la Seu») son unas visitas guiadas especiales que ya se han convertido en un imprescindible de los atardeceres de julio a Manresa.</p>
<p>La propuesta permite conocer la basílica de la Seu en un momento del día mágico y desde una perspectiva diferente: cuando el sol empieza a ponerse, el templo cierra sus puertas y reina el silencio. Los visitantes podrán recorrer la basílica y conocer espacios reservados que normalmente no están incluidos en la visita, como el atrio y la primera cubierta.</p>
<p>Fechas: 4, 10 y 18 de julio a las 19.30h<br />
Precio: 9€ / persona (menores de 7 años gratuito)<br />
Entradas: hace falta inscripción previa a https://entrapol.is/wnaan

Basílica de Santa Maria de la Seu de Manresa
