{"id":14283,"date":"2024-06-14T10:34:38","date_gmt":"2024-06-14T09:34:38","guid":{"rendered":"https:\/\/bagesturisme.cat\/?post_type=agenda&#038;p=14283"},"modified":"2025-07-04T10:41:45","modified_gmt":"2025-07-04T09:41:45","slug":"visita-guiada-a-la-torre-modernista-abadal","status":"publish","type":"agenda","link":"https:\/\/www.bagesturisme.cat\/es\/esdeveniments\/visita-guiada-a-la-torre-modernista-abadal\/","title":{"rendered":"Visita Guiada a la Torre Modernista Abadal"},"content":{"rendered":"Descubre en exclusiva un espacio modernista \u00fanico y perfectamente conservado. La Torre Modernista Abadal es de las pocas casas modernistas que siguen perteneciente a la misma familia desde su construcci\u00f3n en el a\u00f1o 1909. Visita guiada a cargo de la actual propietaria M\u00f2nica Abadal, donde podr\u00e1s descubrir las diferentes salas y comedor del vivienda, el despacho con el \u00e1rbol geneal\u00f3gico de la familia desde 1284, algunas de las habitaciones privadas, la cocina recientemente restaurada, la bodega centenaria y el jard\u00edn rom\u00e1ntico, con an\u00e9cdotas y curiosidades familiares explicadas de primera mano por su propietaria.<\/p>\n<p>Y para los que ya haya visitado la casa\u2026 VISITA en exclusiva y por primera vez ABRIMOS AL P\u00daBLICO &#8216;El pis de les minyones&#8217;.<\/p>\n<p>Y si quieres una experiencia m\u00e1s ESPECIAL, ven a la visita guiada y antes o despu\u00e9s disfruta de un VERMUT MUSICAL en el Jard\u00edn de 12h a 14h con servicio de BARRA,","protected":false},"featured_media":14284,"template":"","tags":[],"class_list":["post-14283","agenda","type-agenda","status-publish","has-post-thumbnail","hentry","municipi-avinyo"],"acf":{"email":"torre.modernista.abadal@gmail.com","adreca":"Pla\u00e7a Major, 24","web":"https:\/\/www.torreabadal.com\/experiencies\/visites-guiades-simple\/","data_actual":"Cada tercer Diumenge de mes ","data_ordre":"","data_general":"Cada tercer Diumenge de mes ","entitat":"Torre Modernista Abadal","web_entitat":"https:\/\/www.torreabadal.com\/","telefon":"621024980","ordre_final":"","accessible":false,"gratis":false,"galeria":false,"ubicacio":false},"_links":{"self":[{"href":"https:\/\/www.bagesturisme.cat\/es\/wp-json\/wp\/v2\/agenda\/14283","targetHints":{"allow":["GET"]}}],"collection":[{"href":"https:\/\/www.bagesturisme.cat\/es\/wp-json\/wp\/v2\/agenda"}],"about":[{"href":"https:\/\/www.bagesturisme.cat\/es\/wp-json\/wp\/v2\/types\/agenda"}],"wp:featuredmedia":[{"embeddable":true,"href":"https:\/\/www.bagesturisme.cat\/es\/wp-json\/wp\/v2\/media\/14284"}],"wp:attachment":[{"href":"https:\/\/www.bagesturisme.cat\/es\/wp-json\/wp\/v2\/media?parent=14283"}],"wp:term":[{"taxonomy":"post_tag","embeddable":true,"href":"https:\/\/www.bagesturisme.cat\/es\/wp-json\/wp\/v2\/tags?post=14283"}],"curies":[{"name":"wp","href":"https:\/\/api.w.org\/{rel}","templated":true}]}}

Descubre en exclusiva un espacio modernista único y perfectamente conservado. La Torre Modernista Abadal es de las pocas casas modernistas que siguen perteneciente a la misma familia desde su construcción en el año 1909. Visita guiada a cargo de la actual propietaria Mònica Abadal, donde podrás descubrir las diferentes salas y comedor del vivienda, el despacho con el árbol genealógico de la familia desde 1284, algunas de las habitaciones privadas, la cocina recientemente restaurada, la bodega centenaria y el jardín romántico, con anécdotas y curiosidades familiares explicadas de primera mano por su propietaria.</p>
<p>Y para los que ya haya visitado la casa… VISITA en exclusiva y por primera vez ABRIMOS AL PÚBLICO &#8216;El pis de les minyones&#8217;.</p>
<p>Y si quieres una experiencia más ESPECIAL, ven a la visita guiada y antes o después disfruta de un VERMUT MUSICAL en el Jardín de 12h a 14h con servicio de BARRA,

Plaça Major, 24
