{"id":9977,"date":"2021-05-05T12:13:40","date_gmt":"2021-05-05T11:13:40","guid":{"rendered":"https:\/\/bagesturisme.cat\/?post_type=activitats&#038;p=9977"},"modified":"2021-05-05T12:38:25","modified_gmt":"2021-05-05T11:38:25","slug":"vins-i-pedres-taller-i-degustacio-del-patrimoni-viticola","status":"publish","type":"activitats","link":"https:\/\/www.bagesturisme.cat\/es\/activitat\/vins-i-pedres-taller-i-degustacio-del-patrimoni-viticola\/","title":{"rendered":"Vinos y piedras: Taller y degustaci\u00f3n del patrimonio vit\u00edcola"},"content":{"rendered":"Talamanca es tierra de vi\u00f1a, y sus vinos forman parte de una de las denominaciones con m\u00e1s renombre de Catalu\u00f1a, la DO. del Bages. Un territorio con sabor a vino y un paisaje de campos y tierras, donde destacan las espectaculares barracas de vi\u00f1a y los infinitos m\u00e1rgenes de piedra seca. Un patrimonio que est\u00e1 quedando oculto, y unas t\u00e9cnicas que se est\u00e1n perdiendo con el paso de los a\u00f1os.<\/p>\n<p>Jordi te ense\u00f1ar\u00e1 el fascinante mundo de la piedra seca en los vi\u00f1edos de Talamanca. Un patrimonio Cultural Inmaterial de la<br \/>\nHumanidad, que esconde secretos y beneficios naturales. Una t\u00e9cnica incre\u00edble a conservar. Con \u00e9l deber\u00e1s arremangarte las mangas<br \/>\npara recuperar y contribuir a preservar una de las t\u00e9cnicas tradicionales m\u00e1s antiguas de Catalu\u00f1a.<\/p>\n<p>Una vez finalizado el taller, Pep te explicar\u00e1 la esencia de la vi\u00f1a a trav\u00e9s de los sentidos. Descubrir\u00e1s las famosas Tinas del Bages y<br \/>\ndegustar\u00e1s los vinos con denominaci\u00f3n de origen, enmarcados dentro de un paisaje natural formidable.<br \/>","protected":false},"author":33,"featured_media":9978,"template":"","tags":[],"class_list":["post-9977","activitats","type-activitats","status-publish","has-post-thumbnail","hentry","municipi-talamanca","tipus-gastronomia","tipus-enoturisme","indicadors-biosphere","indicadors-do-pla-de-bages"],"acf":{"email":"reservas@turismovivencial.com","adreca":" Edifici Ne\u00e0polis Rambla de l\u2019Exposici\u00f3, 59 08800 Vilanova i la Geltr\u00fa (Barcelona)","web":"https:\/\/turismovivencial.com","telefon":"+34 610 129 044 ","entitat":"Turismo Vivencial","galeria":false,"link-venda":"https:\/\/turismovivencial.com\/tour-item\/vins-i-pedres\/","ubicacio":false},"_links":{"self":[{"href":"https:\/\/www.bagesturisme.cat\/es\/wp-json\/wp\/v2\/activitats\/9977","targetHints":{"allow":["GET"]}}],"collection":[{"href":"https:\/\/www.bagesturisme.cat\/es\/wp-json\/wp\/v2\/activitats"}],"about":[{"href":"https:\/\/www.bagesturisme.cat\/es\/wp-json\/wp\/v2\/types\/activitats"}],"author":[{"embeddable":true,"href":"https:\/\/www.bagesturisme.cat\/es\/wp-json\/wp\/v2\/users\/33"}],"version-history":[{"count":4,"href":"https:\/\/www.bagesturisme.cat\/es\/wp-json\/wp\/v2\/activitats\/9977\/revisions"}],"predecessor-version":[{"id":9992,"href":"https:\/\/www.bagesturisme.cat\/es\/wp-json\/wp\/v2\/activitats\/9977\/revisions\/9992"}],"wp:featuredmedia":[{"embeddable":true,"href":"https:\/\/www.bagesturisme.cat\/es\/wp-json\/wp\/v2\/media\/9978"}],"wp:attachment":[{"href":"https:\/\/www.bagesturisme.cat\/es\/wp-json\/wp\/v2\/media?parent=9977"}],"wp:term":[{"taxonomy":"post_tag","embeddable":true,"href":"https:\/\/www.bagesturisme.cat\/es\/wp-json\/wp\/v2\/tags?post=9977"}],"curies":[{"name":"wp","href":"https:\/\/api.w.org\/{rel}","templated":true}]}}

Vinos y piedras: Taller y degustación del patrimonio vitícola

Talamanca es tierra de viña, y sus vinos forman parte de una de las denominaciones con más renombre de Cataluña, la DO. del Bages. Un territorio con sabor a vino y un paisaje de campos y tierras, donde destacan las espectaculares barracas de viña y los infinitos márgenes de piedra seca. Un patrimonio que está quedando oculto, y unas técnicas que se están perdiendo con el paso de los años.</p>
<p>Jordi te enseñará el fascinante mundo de la piedra seca en los viñedos de Talamanca. Un patrimonio Cultural Inmaterial de la<br />
Humanidad, que esconde secretos y beneficios naturales. Una técnica increíble a conservar. Con él deberás arremangarte las mangas<br />
para recuperar y contribuir a preservar una de las técnicas tradicionales más antiguas de Cataluña.</p>
<p>Una vez finalizado el taller, Pep te explicará la esencia de la viña a través de los sentidos. Descubrirás las famosas Tinas del Bages y<br />
degustarás los vinos con denominación de origen, enmarcados dentro de un paisaje natural formidable.<br />

Edifici Neàpolis Rambla de l’Exposició, 59 08800 Vilanova i la Geltrú (Barcelona)
