{"id":9973,"date":"2021-05-05T12:23:20","date_gmt":"2021-05-05T11:23:20","guid":{"rendered":"https:\/\/bagesturisme.cat\/?post_type=activitats&#038;p=9973"},"modified":"2021-05-05T12:37:12","modified_gmt":"2021-05-05T11:37:12","slug":"cavalls-i-histories-un-viatge-de-connexio-a-un-territori","status":"publish","type":"activitats","link":"https:\/\/www.bagesturisme.cat\/es\/activitat\/cavalls-i-histories-un-viatge-de-connexio-a-un-territori\/","title":{"rendered":"Caballos e historias: Un viaje de conexi\u00f3n al territorio"},"content":{"rendered":"Un viaje que te permitir\u00e1 desconectar del d\u00eda a d\u00eda, y vivir una experiencia sensorial, abrir la mente y establecer v\u00ednculos profundos con la naturaleza. A trav\u00e9s de los caballos, el bosque y el patrimonio del Parque Natural, descubrir\u00e1s todo un mundo.<\/p>\n<p>El primer d\u00eda conocer\u00e1s a Eduard, amante de los caballos, quien te explicar\u00e1 la singularidad y filosof\u00eda de su proyecto. Te har\u00e1 un taller de conexi\u00f3n con los caballos, te ense\u00f1ar\u00e1 a comunicarte y a fusionarte con los caballos a trav\u00e9s de un lenguaje basado en la actitud y la emociones. Ir\u00e1s a caballo al encuentro de Esther, para degustar su cocina casera. Tarde libre para descubrir el municipio y el entorno del Parque Natural de Sant Lloren\u00e7 de Munt i l&#8217;Obac.<\/p>\n<p>El segundo d\u00eda disfrutar\u00e1s de una de las visitas m\u00e1s emocionantes del lugar, la ruta energ\u00e9tica de Mar\u00eda Magdalena con Jordi. Una visita de misterio y espiritualidad, para conocer el v\u00ednculo sagrado que un\u00eda los primitivos habitantes con la naturaleza.<br \/>","protected":false},"author":33,"featured_media":9974,"template":"","tags":[],"class_list":["post-9973","activitats","type-activitats","status-publish","has-post-thumbnail","hentry","municipi-talamanca","tipus-cultura","tipus-turisme-actiu","tipus-activitats-de-natura","indicadors-biosphere"],"acf":{"email":"reservas@turismovivencial.com","adreca":" Edifici Ne\u00e0polis Rambla de l\u2019Exposici\u00f3, 59 08800 Vilanova i la Geltr\u00fa (Barcelona)","web":"https:\/\/turismovivencial.com","telefon":"+34 610 129 044 ","entitat":"Turismo Vivencial","galeria":false,"link-venda":"https:\/\/turismovivencial.com\/tour-item\/cavalls-i-histories-de-talamanca\/","ubicacio":false},"_links":{"self":[{"href":"https:\/\/www.bagesturisme.cat\/es\/wp-json\/wp\/v2\/activitats\/9973","targetHints":{"allow":["GET"]}}],"collection":[{"href":"https:\/\/www.bagesturisme.cat\/es\/wp-json\/wp\/v2\/activitats"}],"about":[{"href":"https:\/\/www.bagesturisme.cat\/es\/wp-json\/wp\/v2\/types\/activitats"}],"author":[{"embeddable":true,"href":"https:\/\/www.bagesturisme.cat\/es\/wp-json\/wp\/v2\/users\/33"}],"version-history":[{"count":2,"href":"https:\/\/www.bagesturisme.cat\/es\/wp-json\/wp\/v2\/activitats\/9973\/revisions"}],"predecessor-version":[{"id":10002,"href":"https:\/\/www.bagesturisme.cat\/es\/wp-json\/wp\/v2\/activitats\/9973\/revisions\/10002"}],"wp:featuredmedia":[{"embeddable":true,"href":"https:\/\/www.bagesturisme.cat\/es\/wp-json\/wp\/v2\/media\/9974"}],"wp:attachment":[{"href":"https:\/\/www.bagesturisme.cat\/es\/wp-json\/wp\/v2\/media?parent=9973"}],"wp:term":[{"taxonomy":"post_tag","embeddable":true,"href":"https:\/\/www.bagesturisme.cat\/es\/wp-json\/wp\/v2\/tags?post=9973"}],"curies":[{"name":"wp","href":"https:\/\/api.w.org\/{rel}","templated":true}]}}

Caballos e historias: Un viaje de conexión al territorio

Un viaje que te permitirá desconectar del día a día, y vivir una experiencia sensorial, abrir la mente y establecer vínculos profundos con la naturaleza. A través de los caballos, el bosque y el patrimonio del Parque Natural, descubrirás todo un mundo.</p>
<p>El primer día conocerás a Eduard, amante de los caballos, quien te explicará la singularidad y filosofía de su proyecto. Te hará un taller de conexión con los caballos, te enseñará a comunicarte y a fusionarte con los caballos a través de un lenguaje basado en la actitud y la emociones. Irás a caballo al encuentro de Esther, para degustar su cocina casera. Tarde libre para descubrir el municipio y el entorno del Parque Natural de Sant Llorenç de Munt i l&#8217;Obac.</p>
<p>El segundo día disfrutarás de una de las visitas más emocionantes del lugar, la ruta energética de María Magdalena con Jordi. Una visita de misterio y espiritualidad, para conocer el vínculo sagrado que unía los primitivos habitantes con la naturaleza.<br />

Edifici Neàpolis Rambla de l’Exposició, 59 08800 Vilanova i la Geltrú (Barcelona)
