{"id":7603,"date":"2019-08-29T11:40:26","date_gmt":"2019-08-29T10:40:26","guid":{"rendered":"https:\/\/bagesturisme.cat\/?post_type=activitats&#038;p=7603"},"modified":"2023-08-23T13:48:12","modified_gmt":"2023-08-23T12:48:12","slug":"rutes-paisatgistiques-guiades-entorn-natural-ecoturisme-patrimoni-natural-viu-sant-salvador-de-guardiola","status":"publish","type":"activitats","link":"https:\/\/www.bagesturisme.cat\/es\/activitat\/rutes-paisatgistiques-guiades-entorn-natural-ecoturisme-patrimoni-natural-viu-sant-salvador-de-guardiola\/","title":{"rendered":"RUTAS PAISAJ\u00cdSTICAS GUIADAS ENTORNO NATURAL. ECOTURISMO. PATRIMONIO NATURAL"},"content":{"rendered":"Una paseada por los entornos naturales m\u00e1s emblem\u00e1ticos del municipio dentro de un entorno natural extraordinario a pie de la magn\u00edfica monta\u00f1a de Montserrat.<\/p>\n<p>Recorrer\u00e9is la ruta de las fuentes de Sant Salvador de Guardiola: la Font del Boix, la Solana del Montgr\u00f2s y la Font del Obaga del Castell de Guardiola; adem\u00e1s de la teuleria de Can Alcalde, nuestras bodegas y mucho m\u00e1s!<\/p>\n<p>S\u00e1bados a las 10.00h, previa compra de entrada <span class=\"texteajuda\"> <a href=\"https:\/\/equipamentsguardiola.cat\/reserves\">aqu\u00ed<\/a>.\u00a0<\/span><\/p>\n<p><!--more--><\/p>\n<p>Para concertar grupos grandes u otros d\u00edas de actividad, es necesario llamar al 610355736<\/p>\n<p>Menores de 6 a\u00f1os: gratuito<br \/>\nA partir de 6 a\u00f1os: 3\u20ac","protected":false},"author":29,"featured_media":9881,"template":"","tags":[98,132,133,178,206,261,262],"class_list":["post-7603","activitats","type-activitats","status-publish","has-post-thumbnail","hentry","tag-geoparc","tag-132","tag-rutes","tag-natura","tag-en-familia","tag-paisatge","tag-ecoturisme","municipi-sant-salvador-de-guardiola","tipus-guiatges","tipus-senderisme-turisme-actiu","tipus-turisme-actiu","indicadors-geoparc-de-la-catalunya-central","indicadors-biosphere","indicadors-pit","indicadors-familiar","indicadors-pagament-amb-targeta","idiomes-catala","idiomes-castella","idiomes-angles","idiomes-italia"],"acf":{"entitat":"Ajuntament Sant Salvador de Guardiola","adreca":"","telefon":"610.35.57.36","email":"","web":"http:\/\/www.santsalvadordeguardiola.cat","galeria":[{"ID":9881,"id":9881,"title":"foto-gorg-del-Biarritz","filename":"foto-gorg-del-Biarritz.jpg","filesize":163553,"url":"https:\/\/www.bagesturisme.cat\/wp-content\/uploads\/2019\/08\/foto-gorg-del-Biarritz.jpg","link":"https:\/\/www.bagesturisme.cat\/es\/activitat\/rutes-paisatgistiques-guiades-entorn-natural-ecoturisme-patrimoni-natural-viu-sant-salvador-de-guardiola\/foto-gorg-del-biarritz\/","alt":"","author":"29","description":"","caption":"","name":"foto-gorg-del-biarritz","status":"inherit","uploaded_to":7603,"date":"2021-04-22 04:58:15","modified":"2021-04-22 04:58:21","menu_order":0,"mime_type":"image\/jpeg","type":"image","subtype":"jpeg","icon":"https:\/\/www.bagesturisme.cat\/wp-includes\/images\/media\/default.png","width":1024,"height":768,"sizes":{"thumbnail":"https:\/\/www.bagesturisme.cat\/wp-content\/uploads\/2019\/08\/foto-gorg-del-Biarritz-150x150.jpg","thumbnail-width":150,"thumbnail-height":150,"medium":"https:\/\/www.bagesturisme.cat\/wp-content\/uploads\/2019\/08\/foto-gorg-del-Biarritz-533x400.jpg","medium-width":533,"medium-height":400,"medium_large":"https:\/\/www.bagesturisme.cat\/wp-content\/uploads\/2019\/08\/foto-gorg-del-Biarritz-768x576.jpg","medium_large-width":768,"medium_large-height":576,"large":"https:\/\/www.bagesturisme.cat\/wp-content\/uploads\/2019\/08\/foto-gorg-del-Biarritz.jpg","large-width":1024,"large-height":768,"1536x1536":"https:\/\/www.bagesturisme.cat\/wp-content\/uploads\/2019\/08\/foto-gorg-del-Biarritz.jpg","1536x1536-width":1024,"1536x1536-height":768,"2048x2048":"https:\/\/www.bagesturisme.cat\/wp-content\/uploads\/2019\/08\/foto-gorg-del-Biarritz.jpg","2048x2048-width":1024,"2048x2048-height":768,"blog-large":"https:\/\/www.bagesturisme.cat\/wp-content\/uploads\/2019\/08\/foto-gorg-del-Biarritz.jpg","blog-large-width":363,"blog-large-height":272,"blog-medium":"https:\/\/www.bagesturisme.cat\/wp-content\/uploads\/2019\/08\/foto-gorg-del-Biarritz.jpg","blog-medium-width":269,"blog-medium-height":202,"recent-posts":"https:\/\/www.bagesturisme.cat\/wp-content\/uploads\/2019\/08\/foto-gorg-del-Biarritz.jpg","recent-posts-width":588,"recent-posts-height":441,"recent-works-thumbnail":"https:\/\/www.bagesturisme.cat\/wp-content\/uploads\/2019\/08\/foto-gorg-del-Biarritz.jpg","recent-works-thumbnail-width":66,"recent-works-thumbnail-height":50,"fusion-200":"https:\/\/www.bagesturisme.cat\/wp-content\/uploads\/2019\/08\/foto-gorg-del-Biarritz.jpg","fusion-200-width":200,"fusion-200-height":150,"fusion-400":"https:\/\/www.bagesturisme.cat\/wp-content\/uploads\/2019\/08\/foto-gorg-del-Biarritz.jpg","fusion-400-width":400,"fusion-400-height":300,"fusion-600":"https:\/\/www.bagesturisme.cat\/wp-content\/uploads\/2019\/08\/foto-gorg-del-Biarritz.jpg","fusion-600-width":600,"fusion-600-height":450,"fusion-800":"https:\/\/www.bagesturisme.cat\/wp-content\/uploads\/2019\/08\/foto-gorg-del-Biarritz.jpg","fusion-800-width":800,"fusion-800-height":600,"fusion-1200":"https:\/\/www.bagesturisme.cat\/wp-content\/uploads\/2019\/08\/foto-gorg-del-Biarritz.jpg","fusion-1200-width":1024,"fusion-1200-height":768,"portfolio-full":"https:\/\/www.bagesturisme.cat\/wp-content\/uploads\/2019\/08\/foto-gorg-del-Biarritz.jpg","portfolio-full-width":533,"portfolio-full-height":400,"portfolio-one":"https:\/\/www.bagesturisme.cat\/wp-content\/uploads\/2019\/08\/foto-gorg-del-Biarritz.jpg","portfolio-one-width":363,"portfolio-one-height":272,"portfolio-two":"https:\/\/www.bagesturisme.cat\/wp-content\/uploads\/2019\/08\/foto-gorg-del-Biarritz.jpg","portfolio-two-width":393,"portfolio-two-height":295,"portfolio-three":"https:\/\/www.bagesturisme.cat\/wp-content\/uploads\/2019\/08\/foto-gorg-del-Biarritz.jpg","portfolio-three-width":285,"portfolio-three-height":214,"portfolio-five":"https:\/\/www.bagesturisme.cat\/wp-content\/uploads\/2019\/08\/foto-gorg-del-Biarritz.jpg","portfolio-five-width":177,"portfolio-five-height":133}}],"ubicacio":false,"link-venda":"http:\/\/equipamentsguardiola.cat\/reserves"},"_links":{"self":[{"href":"https:\/\/www.bagesturisme.cat\/es\/wp-json\/wp\/v2\/activitats\/7603","targetHints":{"allow":["GET"]}}],"collection":[{"href":"https:\/\/www.bagesturisme.cat\/es\/wp-json\/wp\/v2\/activitats"}],"about":[{"href":"https:\/\/www.bagesturisme.cat\/es\/wp-json\/wp\/v2\/types\/activitats"}],"author":[{"embeddable":true,"href":"https:\/\/www.bagesturisme.cat\/es\/wp-json\/wp\/v2\/users\/29"}],"version-history":[{"count":26,"href":"https:\/\/www.bagesturisme.cat\/es\/wp-json\/wp\/v2\/activitats\/7603\/revisions"}],"predecessor-version":[{"id":13207,"href":"https:\/\/www.bagesturisme.cat\/es\/wp-json\/wp\/v2\/activitats\/7603\/revisions\/13207"}],"wp:featuredmedia":[{"embeddable":true,"href":"https:\/\/www.bagesturisme.cat\/es\/wp-json\/wp\/v2\/media\/9881"}],"wp:attachment":[{"href":"https:\/\/www.bagesturisme.cat\/es\/wp-json\/wp\/v2\/media?parent=7603"}],"wp:term":[{"taxonomy":"post_tag","embeddable":true,"href":"https:\/\/www.bagesturisme.cat\/es\/wp-json\/wp\/v2\/tags?post=7603"}],"curies":[{"name":"wp","href":"https:\/\/api.w.org\/{rel}","templated":true}]}}

RUTAS PAISAJÍSTICAS GUIADAS ENTORNO NATURAL. ECOTURISMO. PATRIMONIO NATURAL

Una paseada por los entornos naturales más emblemáticos del municipio dentro de un entorno natural extraordinario a pie de la magnífica montaña de Montserrat.</p>
<p>Recorreréis la ruta de las fuentes de Sant Salvador de Guardiola: la Font del Boix, la Solana del Montgròs y la Font del Obaga del Castell de Guardiola; además de la teuleria de Can Alcalde, nuestras bodegas y mucho más!</p>
<p>Sábados a las 10.00h, previa compra de entrada <span class="texteajuda"> <a href="https://equipamentsguardiola.cat/reserves">aquí</a>. </span></p>
<p><!--more--></p>
<p>Para concertar grupos grandes u otros días de actividad, es necesario llamar al 610355736</p>
<p>Menores de 6 años: gratuito<br />
A partir de 6 años: 3€
