{"id":5237,"date":"2017-12-29T08:56:31","date_gmt":"2017-12-29T07:56:31","guid":{"rendered":"https:\/\/bagesturisme.cat\/?post_type=activitats&#038;p=5237"},"modified":"2018-01-26T14:36:56","modified_gmt":"2018-01-26T13:36:56","slug":"celler-taula-identitat","status":"publish","type":"activitats","link":"https:\/\/www.bagesturisme.cat\/es\/activitat\/celler-taula-identitat\/","title":{"rendered":"Del celler a la taula amb identitat"},"content":{"rendered":"\u00bbVisita el Celler Abadal i \u00e0pat al Mas de La Sala\u00bb<\/p>\n<p>El celler Abadal \u00e9s un dels m\u00e9s importants de la DO Pla de Bages, amb una hist\u00f2ria que es remunta al segle XII i que podr\u00e0s con\u00e8ixer en aquesta visita que v\u00e9 seguida d&#8217;un \u00e0pat de temporada al restaurant Mas de La Sala.<br \/>\nAquesta experi\u00e8ncia consta d&#8217;una visita guiada al Celler Abadal amb el tast d&#8217;alguns dels seus vins, i un \u00e0pat al restaurant Mas de La Sala.<\/p>","protected":false},"author":6,"featured_media":5238,"template":"","tags":[],"class_list":["post-5237","activitats","type-activitats","status-publish","has-post-thumbnail","hentry","municipi-avinyo","tipus-gastronomia","tipus-enoturisme"],"acf":{"email":"bagesterradevins@bagesterradevins.cat","adreca":"celler Abadal","web":"https:\/\/bagesterradevins.cat\/event\/del-celler-a-la-taula-amb-identitat","telefon":"686108724","entitat":"bagesterradevins","galeria":false,"ubicacio":{"address":"abadal","lat":"41.818472","lng":"1.9792770000000246"}},"_links":{"self":[{"href":"https:\/\/www.bagesturisme.cat\/es\/wp-json\/wp\/v2\/activitats\/5237","targetHints":{"allow":["GET"]}}],"collection":[{"href":"https:\/\/www.bagesturisme.cat\/es\/wp-json\/wp\/v2\/activitats"}],"about":[{"href":"https:\/\/www.bagesturisme.cat\/es\/wp-json\/wp\/v2\/types\/activitats"}],"author":[{"embeddable":true,"href":"https:\/\/www.bagesturisme.cat\/es\/wp-json\/wp\/v2\/users\/6"}],"version-history":[{"count":2,"href":"https:\/\/www.bagesturisme.cat\/es\/wp-json\/wp\/v2\/activitats\/5237\/revisions"}],"predecessor-version":[{"id":5276,"href":"https:\/\/www.bagesturisme.cat\/es\/wp-json\/wp\/v2\/activitats\/5237\/revisions\/5276"}],"wp:featuredmedia":[{"embeddable":true,"href":"https:\/\/www.bagesturisme.cat\/es\/wp-json\/wp\/v2\/media\/5238"}],"wp:attachment":[{"href":"https:\/\/www.bagesturisme.cat\/es\/wp-json\/wp\/v2\/media?parent=5237"}],"wp:term":[{"taxonomy":"post_tag","embeddable":true,"href":"https:\/\/www.bagesturisme.cat\/es\/wp-json\/wp\/v2\/tags?post=5237"}],"curies":[{"name":"wp","href":"https:\/\/api.w.org\/{rel}","templated":true}]}}

»Visita el Celler Abadal i àpat al Mas de La Sala»</p>
<p>El celler Abadal és un dels més importants de la DO Pla de Bages, amb una història que es remunta al segle XII i que podràs conèixer en aquesta visita que vé seguida d&#8217;un àpat de temporada al restaurant Mas de La Sala.<br />
Aquesta experiència consta d&#8217;una visita guiada al Celler Abadal amb el tast d&#8217;alguns dels seus vins, i un àpat al restaurant Mas de La Sala.</p>
