{"id":471,"date":"2017-01-24T17:37:16","date_gmt":"2017-01-24T16:37:16","guid":{"rendered":"https:\/\/bagesturisme.cat\/activitat\/la-cinglera-del-resistent-via-ferrada-al-turo-del-marques\/"},"modified":"2017-08-21T07:33:43","modified_gmt":"2017-08-21T06:33:43","slug":"la-cinglera-del-resistent-via-ferrada-al-turo-del-marques","status":"publish","type":"activitats","link":"https:\/\/www.bagesturisme.cat\/es\/activitat\/la-cinglera-del-resistent-via-ferrada-al-turo-del-marques\/","title":{"rendered":"El risco del resistente: v\u00eda ferrata en el cerro del marqu\u00e9s"},"content":{"rendered":"Planta cara a las alturas con las mejores garant\u00edas de seguridad. Conoce el risco y emblem\u00e1tico cerro del Marqu\u00e9s con una actividad para aut\u00e9nticos aventureros, pero con tres posibles grados de dificultad, desde principiante hasta experto.","protected":false},"author":11,"featured_media":747,"template":"","tags":[],"class_list":["post-471","activitats","type-activitats","status-publish","has-post-thumbnail","hentry","municipi-castellbell-i-el-vilar","tipus-natura","indicadors-recomanada-a-partir-de-18-anys","indicadors-activitat-gratuita","idiomes-catala","idiomes-castella","idiomes-angles","idiomes-frances"],"acf":{"entitat":"Ajuntament de Castellbell i el Vilar","adreca":"C. Joaquim Borr\u00e0s, 40, Castellvell i el Vilar","telefon":"93 834 03 50","email":"castellbell@diba.cat","web":"http:\/\/www.castellbellielvilar.cat","galeria":false,"ubicacio":{"address":"C. Joaquim Borr\u00e0s, 40, Castellvell i el Vilar","lat":"41.62921860000001","lng":"1.8606042000000116"}},"_links":{"self":[{"href":"https:\/\/www.bagesturisme.cat\/es\/wp-json\/wp\/v2\/activitats\/471","targetHints":{"allow":["GET"]}}],"collection":[{"href":"https:\/\/www.bagesturisme.cat\/es\/wp-json\/wp\/v2\/activitats"}],"about":[{"href":"https:\/\/www.bagesturisme.cat\/es\/wp-json\/wp\/v2\/types\/activitats"}],"author":[{"embeddable":true,"href":"https:\/\/www.bagesturisme.cat\/es\/wp-json\/wp\/v2\/users\/11"}],"version-history":[{"count":2,"href":"https:\/\/www.bagesturisme.cat\/es\/wp-json\/wp\/v2\/activitats\/471\/revisions"}],"predecessor-version":[{"id":1418,"href":"https:\/\/www.bagesturisme.cat\/es\/wp-json\/wp\/v2\/activitats\/471\/revisions\/1418"}],"wp:featuredmedia":[{"embeddable":true,"href":"https:\/\/www.bagesturisme.cat\/es\/wp-json\/wp\/v2\/media\/747"}],"wp:attachment":[{"href":"https:\/\/www.bagesturisme.cat\/es\/wp-json\/wp\/v2\/media?parent=471"}],"wp:term":[{"taxonomy":"post_tag","embeddable":true,"href":"https:\/\/www.bagesturisme.cat\/es\/wp-json\/wp\/v2\/tags?post=471"}],"curies":[{"name":"wp","href":"https:\/\/api.w.org\/{rel}","templated":true}]}}

El risco del resistente: vía ferrata en el cerro del marqués

Planta cara a las alturas con las mejores garantías de seguridad. Conoce el risco y emblemático cerro del Marqués con una actividad para auténticos aventureros, pero con tres posibles grados de dificultad, desde principiante hasta experto.

C. Joaquim Borràs, 40, Castellvell i el Vilar
