{"id":470,"date":"2017-01-24T17:37:16","date_gmt":"2017-01-24T16:37:16","guid":{"rendered":"https:\/\/bagesturisme.cat\/activitat\/la-muntanya-de-sal-unica-al-mon\/"},"modified":"2023-08-30T07:49:29","modified_gmt":"2023-08-30T06:49:29","slug":"muntanya-sal-unica-mon","status":"publish","type":"activitats","link":"https:\/\/www.bagesturisme.cat\/es\/activitat\/muntanya-sal-unica-mon\/","title":{"rendered":"La monta\u00f1a de sal, \u00fanica en el mundo"},"content":{"rendered":"Visita el interior de una gran monta\u00f1a de sal pura \u00fanica en el mundo, explotada desde el neol\u00edtico y que convirti\u00f3 Cardona en un lugar rico y poderoso.<\/p>\n<p>En el Parque Cultural de la Monta\u00f1a de Sal de Cardona los peque\u00f1os de la casa podr\u00e1n sumergirse en una aventura gracias a una visita teatralizada. Grandes y peque\u00f1os podr\u00e1n conocer las instalaciones de la mina Nieves, cerrada en 1990, y la formaci\u00f3n geol\u00f3gica de la Catalu\u00f1a central, creada hace unos 40 millones de a\u00f1os.<\/p>\n<p>Para m\u00e1s informaci\u00f3n, visita la web de <a href=\"https:\/\/cardonaturisme.cat\/es\/que-hacer\/montana-de-sal\/visita-guiada-parque-cultural-montana-sal\/\">Cardona Turisme<\/a>.","protected":false},"author":10,"featured_media":746,"template":"","tags":[],"class_list":["post-470","activitats","type-activitats","status-publish","has-post-thumbnail","hentry","municipi-cardona","tipus-cultura","indicadors-geoparc-de-la-catalunya-central","indicadors-familiar","indicadors-activitat-guiada","indicadors-recomanada-a-partir-de-2-anys","indicadors-activitat-top","idiomes-castella","idiomes-angles","idiomes-frances","idiomes-catala"],"acf":{"entitat":"Fundaci\u00f3 Cardona Hist\u00f2rica","adreca":"Carretera de la Mina, s\/n","telefon":"93 869 24 75","email":"informacio@cardonaturisme.cat","web":"http:\/\/www.cardonaturisme.cat","galeria":false,"ubicacio":{"address":"Pl. de la Fira, 1, Cardona","lat":"41.91303","lng":"1.6807400000000143"},"link-venda":""},"_links":{"self":[{"href":"https:\/\/www.bagesturisme.cat\/es\/wp-json\/wp\/v2\/activitats\/470","targetHints":{"allow":["GET"]}}],"collection":[{"href":"https:\/\/www.bagesturisme.cat\/es\/wp-json\/wp\/v2\/activitats"}],"about":[{"href":"https:\/\/www.bagesturisme.cat\/es\/wp-json\/wp\/v2\/types\/activitats"}],"author":[{"embeddable":true,"href":"https:\/\/www.bagesturisme.cat\/es\/wp-json\/wp\/v2\/users\/10"}],"version-history":[{"count":11,"href":"https:\/\/www.bagesturisme.cat\/es\/wp-json\/wp\/v2\/activitats\/470\/revisions"}],"predecessor-version":[{"id":13277,"href":"https:\/\/www.bagesturisme.cat\/es\/wp-json\/wp\/v2\/activitats\/470\/revisions\/13277"}],"wp:featuredmedia":[{"embeddable":true,"href":"https:\/\/www.bagesturisme.cat\/es\/wp-json\/wp\/v2\/media\/746"}],"wp:attachment":[{"href":"https:\/\/www.bagesturisme.cat\/es\/wp-json\/wp\/v2\/media?parent=470"}],"wp:term":[{"taxonomy":"post_tag","embeddable":true,"href":"https:\/\/www.bagesturisme.cat\/es\/wp-json\/wp\/v2\/tags?post=470"}],"curies":[{"name":"wp","href":"https:\/\/api.w.org\/{rel}","templated":true}]}}

La montaña de sal, única en el mundo

Visita el interior de una gran montaña de sal pura única en el mundo, explotada desde el neolítico y que convirtió Cardona en un lugar rico y poderoso.</p>
<p>En el Parque Cultural de la Montaña de Sal de Cardona los pequeños de la casa podrán sumergirse en una aventura gracias a una visita teatralizada. Grandes y pequeños podrán conocer las instalaciones de la mina Nieves, cerrada en 1990, y la formación geológica de la Cataluña central, creada hace unos 40 millones de años.</p>
<p>Para más información, visita la web de <a href="https://cardonaturisme.cat/es/que-hacer/montana-de-sal/visita-guiada-parque-cultural-montana-sal/">Cardona Turisme</a>.

Fundació Cardona Històrica
