{"id":397,"date":"2017-01-24T17:37:06","date_gmt":"2017-01-24T16:37:06","guid":{"rendered":"https:\/\/bagesturisme.cat\/activitat\/museu-dels-maquis-historia-de-la-resistencia\/"},"modified":"2017-06-23T10:55:45","modified_gmt":"2017-06-23T09:55:45","slug":"museu-dels-maquis-historia-de-la-resistencia","status":"publish","type":"activitats","link":"https:\/\/www.bagesturisme.cat\/es\/activitat\/museu-dels-maquis-historia-de-la-resistencia\/","title":{"rendered":"Museo de los maquis: historia de la resistencia"},"content":{"rendered":"Ad\u00e9ntrate en la fascinante historia de los maquis, los guerrilleros que incomodaron durante m\u00e1s de una d\u00e9cada al r\u00e9gimen franquista. Conoce la vida y visita la tumba de una aut\u00e9ntica leyenda: Caracremada, el \u00faltimo maquis catal\u00e1n, abatido en 1963 por la Guardia Civil.","protected":false},"author":14,"featured_media":673,"template":"","tags":[],"class_list":["post-397","activitats","type-activitats","status-publish","has-post-thumbnail","hentry","municipi-castellnou-de-bages","tipus-cultura","indicadors-familiar","indicadors-mobilitat-reduida","indicadors-activitat-guiada","idiomes-catala","idiomes-castella"],"acf":{"entitat":"Ajuntament de Castellnou de Bages","adreca":"Pl. de l'Esgl\u00e9sia, s\/n, Castellnou de Bages","telefon":"93 827 20 91","email":"martinezvf@diba.cat","web":"http:\/\/www.castellnoudebages.cat","galeria":false,"ubicacio":{"address":"Pl. de l'Esgl\u00e9sia, s\/n, Castellnou de Bages","lat":"41.833899","lng":"1.8369592000000239"}},"_links":{"self":[{"href":"https:\/\/www.bagesturisme.cat\/es\/wp-json\/wp\/v2\/activitats\/397","targetHints":{"allow":["GET"]}}],"collection":[{"href":"https:\/\/www.bagesturisme.cat\/es\/wp-json\/wp\/v2\/activitats"}],"about":[{"href":"https:\/\/www.bagesturisme.cat\/es\/wp-json\/wp\/v2\/types\/activitats"}],"author":[{"embeddable":true,"href":"https:\/\/www.bagesturisme.cat\/es\/wp-json\/wp\/v2\/users\/14"}],"version-history":[{"count":2,"href":"https:\/\/www.bagesturisme.cat\/es\/wp-json\/wp\/v2\/activitats\/397\/revisions"}],"predecessor-version":[{"id":1551,"href":"https:\/\/www.bagesturisme.cat\/es\/wp-json\/wp\/v2\/activitats\/397\/revisions\/1551"}],"wp:featuredmedia":[{"embeddable":true,"href":"https:\/\/www.bagesturisme.cat\/es\/wp-json\/wp\/v2\/media\/673"}],"wp:attachment":[{"href":"https:\/\/www.bagesturisme.cat\/es\/wp-json\/wp\/v2\/media?parent=397"}],"wp:term":[{"taxonomy":"post_tag","embeddable":true,"href":"https:\/\/www.bagesturisme.cat\/es\/wp-json\/wp\/v2\/tags?post=397"}],"curies":[{"name":"wp","href":"https:\/\/api.w.org\/{rel}","templated":true}]}}

Adéntrate en la fascinante historia de los maquis, los guerrilleros que incomodaron durante más de una década al régimen franquista. Conoce la vida y visita la tumba de una auténtica leyenda: Caracremada, el último maquis catalán, abatido en 1963 por la Guardia Civil.

Pl. de l'Església, s/n, Castellnou de Bages
