{"id":393,"date":"2017-01-24T17:37:06","date_gmt":"2017-01-24T16:37:06","guid":{"rendered":"https:\/\/bagesturisme.cat\/activitat\/lespai-matiners-i-la-telegrafia\/"},"modified":"2023-08-17T12:46:34","modified_gmt":"2023-08-17T11:46:34","slug":"lespai-matiners-telegrafia","status":"publish","type":"activitats","link":"https:\/\/www.bagesturisme.cat\/es\/activitat\/lespai-matiners-telegrafia\/","title":{"rendered":"El espacio matiners y la telegraf\u00eda"},"content":{"rendered":"\u00bfSab\u00edas que Aviny\u00f3 conserva uno de los primeros elementos de la comunicaci\u00f3n a distancia?<\/p>\n<p>La telegraf\u00eda \u00f3ptica revolucion\u00f3 la transmisi\u00f3n de la informaci\u00f3n durante la Segunda Guerra Carlista (o de los Matiners) con equipamientos como la <a href=\"https:\/\/bagesturisme.cat\/activitat\/itinerari-a-la-torre-dels-soldats\/\">Torre dels Soldats<\/a>. El espacio Matiners te traslada al siglo XIX, un momento convulso y con un gran legado patrimonial.","protected":false},"author":6,"featured_media":669,"template":"","tags":[],"class_list":["post-393","activitats","type-activitats","status-publish","has-post-thumbnail","hentry","municipi-avinyo","tipus-cultura","indicadors-familiar","indicadors-activitat-gratuita","idiomes-catala","idiomes-castella","idiomes-angles","idiomes-frances"],"acf":{"entitat":"Ajuntament d'Aviny\u00f3","adreca":"Pla\u00e7a Major, 11, Aviny\u00f3","telefon":"93 838 77 00","email":"info@matiners.cat","web":"http:\/\/www.avinyo.cat\/","galeria":false,"ubicacio":{"address":"Pla\u00e7a Major, 11, Aviny\u00f3","lat":"41.86377","lng":"1.971080000000029"},"link-venda":""},"_links":{"self":[{"href":"https:\/\/www.bagesturisme.cat\/es\/wp-json\/wp\/v2\/activitats\/393","targetHints":{"allow":["GET"]}}],"collection":[{"href":"https:\/\/www.bagesturisme.cat\/es\/wp-json\/wp\/v2\/activitats"}],"about":[{"href":"https:\/\/www.bagesturisme.cat\/es\/wp-json\/wp\/v2\/types\/activitats"}],"author":[{"embeddable":true,"href":"https:\/\/www.bagesturisme.cat\/es\/wp-json\/wp\/v2\/users\/6"}],"version-history":[{"count":6,"href":"https:\/\/www.bagesturisme.cat\/es\/wp-json\/wp\/v2\/activitats\/393\/revisions"}],"predecessor-version":[{"id":13112,"href":"https:\/\/www.bagesturisme.cat\/es\/wp-json\/wp\/v2\/activitats\/393\/revisions\/13112"}],"wp:featuredmedia":[{"embeddable":true,"href":"https:\/\/www.bagesturisme.cat\/es\/wp-json\/wp\/v2\/media\/669"}],"wp:attachment":[{"href":"https:\/\/www.bagesturisme.cat\/es\/wp-json\/wp\/v2\/media?parent=393"}],"wp:term":[{"taxonomy":"post_tag","embeddable":true,"href":"https:\/\/www.bagesturisme.cat\/es\/wp-json\/wp\/v2\/tags?post=393"}],"curies":[{"name":"wp","href":"https:\/\/api.w.org\/{rel}","templated":true}]}}

El espacio matiners y la telegrafía

¿Sabías que Avinyó conserva uno de los primeros elementos de la comunicación a distancia?</p>
<p>La telegrafía óptica revolucionó la transmisión de la información durante la Segunda Guerra Carlista (o de los Matiners) con equipamientos como la <a href="https://bagesturisme.cat/activitat/itinerari-a-la-torre-dels-soldats/">Torre dels Soldats</a>. El espacio Matiners te traslada al siglo XIX, un momento convulso y con un gran legado patrimonial.

Ajuntament d'Avinyó

Plaça Major, 11, Avinyó
