{"id":15200,"date":"2025-02-28T08:47:23","date_gmt":"2025-02-28T07:47:23","guid":{"rendered":"https:\/\/bagesturisme.cat\/?post_type=activitats&#038;p=15200"},"modified":"2025-02-28T08:47:23","modified_gmt":"2025-02-28T07:47:23","slug":"marxa-del-pelegri-10a-edicio","status":"publish","type":"activitats","link":"https:\/\/www.bagesturisme.cat\/es\/activitat\/marxa-del-pelegri-10a-edicio\/","title":{"rendered":"Marcha del Peregrino &#8211; 10a edici\u00f3n"},"content":{"rendered":"Se trata de un recorrido con tres modalidades que recorre el \u00faltimo tramo del Camino Ignaciano, de Montserrat hasta Manresa, disfrutando de unos paisajes y un patrimonio \u00fanico que cautivaron a Ignacio de Loyola en el a\u00f1o 1522. Las tres modalidades son de 26 km (de Montserrat a Manresa), de 8 km 15 km (ruta circular por el Anella Verda).","protected":false},"author":2,"featured_media":15201,"template":"","tags":[],"class_list":["post-15200","activitats","type-activitats","status-publish","has-post-thumbnail","hentry","municipi-manresa","tipus-turisme-actiu","tipus-senderisme-turisme-actiu"],"acf":{"email":"turisme@manresaturisme.cat","adreca":"Oficina de Turisme de ManresaPla\u00e7a Major, 20","web":"http:\/\/www.manresa2022.cat\/web\/menu\/13463-marxa-del-pelegri","telefon":"938784090","entitat":"Turisme i Fires de Manresa","galeria":false,"link-venda":"","ubicacio":false},"_links":{"self":[{"href":"https:\/\/www.bagesturisme.cat\/es\/wp-json\/wp\/v2\/activitats\/15200","targetHints":{"allow":["GET"]}}],"collection":[{"href":"https:\/\/www.bagesturisme.cat\/es\/wp-json\/wp\/v2\/activitats"}],"about":[{"href":"https:\/\/www.bagesturisme.cat\/es\/wp-json\/wp\/v2\/types\/activitats"}],"author":[{"embeddable":true,"href":"https:\/\/www.bagesturisme.cat\/es\/wp-json\/wp\/v2\/users\/2"}],"version-history":[{"count":1,"href":"https:\/\/www.bagesturisme.cat\/es\/wp-json\/wp\/v2\/activitats\/15200\/revisions"}],"predecessor-version":[{"id":15246,"href":"https:\/\/www.bagesturisme.cat\/es\/wp-json\/wp\/v2\/activitats\/15200\/revisions\/15246"}],"wp:featuredmedia":[{"embeddable":true,"href":"https:\/\/www.bagesturisme.cat\/es\/wp-json\/wp\/v2\/media\/15201"}],"wp:attachment":[{"href":"https:\/\/www.bagesturisme.cat\/es\/wp-json\/wp\/v2\/media?parent=15200"}],"wp:term":[{"taxonomy":"post_tag","embeddable":true,"href":"https:\/\/www.bagesturisme.cat\/es\/wp-json\/wp\/v2\/tags?post=15200"}],"curies":[{"name":"wp","href":"https:\/\/api.w.org\/{rel}","templated":true}]}}

Marcha del Peregrino &#8211; 10a edición

Se trata de un recorrido con tres modalidades que recorre el último tramo del Camino Ignaciano, de Montserrat hasta Manresa, disfrutando de unos paisajes y un patrimonio único que cautivaron a Ignacio de Loyola en el año 1522. Las tres modalidades son de 26 km (de Montserrat a Manresa), de 8 km 15 km (ruta circular por el Anella Verda).

Oficina de Turisme de ManresaPlaça Major, 20
