{"id":14477,"date":"2024-07-24T12:01:42","date_gmt":"2024-07-24T11:01:42","guid":{"rendered":"https:\/\/bagesturisme.cat\/?post_type=activitats&#038;p=14477"},"modified":"2024-08-07T09:27:03","modified_gmt":"2024-08-07T08:27:03","slug":"el-vi-del-pla-de-bages-a-sant-fruitos-de-bages-paquet-turistic","status":"publish","type":"activitats","link":"https:\/\/www.bagesturisme.cat\/es\/activitat\/el-vi-del-pla-de-bages-a-sant-fruitos-de-bages-paquet-turistic\/","title":{"rendered":"El vino del Pla de Bages en Sant Fruit\u00f3s de Bages &#8211; Paquete tur\u00edstico"},"content":{"rendered":"<h1 id=\"tw-target-text\" class=\"tw-data-text tw-text-large tw-ta\" dir=\"ltr\" data-placeholder=\"Traducci\u00f3\" aria-label=\"Text tradu\u00eft\" data-ved=\"2ahUKEwjVr4z-teKHAxVSWkEAHWIWCyUQ3ewLegQIBxAU\"><span class=\"Y2IQFc\" lang=\"es\">El vino del Pla de Bages en Sant Fruit\u00f3s de Bages<\/span><\/h1>\n<p>2 d\u00edas y 1 noche \/ 2 personas<\/p>\n<p style=\"text-align: left\">\u00a0 \u00a0 \u00a0 \u00a0300\u20ac2 pax.<\/p>\n<p>Todo comienza paseando por la Sagrera para descubrir el casco antiguo del municipio,<br \/>\npara continuar con unas copas de vino y un bocado, en un ambiente distendido en el Nou Celler<br \/>\no en el Casino, seg\u00fan sea su elecci\u00f3n. Haga noche en el Hotel M\u00f3n, de M\u00f3n Sant Benet,<br \/>\ndonde tambi\u00e9n disfruta de un espl\u00e9ndido desayuno.<\/p>\n<p>Sab\u00e9is que antes de la filoxera, el Bages era la comarca con mayor superficie de<br \/>\ncultivo de vid? El territorio est\u00e1 lleno de vestigios de piedra seca que nos hablan de aquella<br \/>\n\u00e9poca. Lo descubre con su visita al Museo de la vi\u00f1a y el vino.<br \/>\nY despu\u00e9s de ilustraros, se dirige a la Bodega del Mond Obert, para hacer una visita<br \/>\ny probar sus vinos. Finalmente, acabe la jornada vitivin\u00edcola con una comida en La Cuina de l&#8217;Era,<br \/>\nregado con vino de la DO Pla de Bages, como no pod\u00eda ser de otra manera.<br \/>\nY si tiene ganas de m\u00e1s, all\u00ed mismo puede dar una vuelta por el camino de la Acequia.<\/p>\n<p><strong>Tarde 1er d\u00eda<\/strong><\/p>\n<p>Paseo por la Sagrera, el n\u00facleo germinal de Sant Fruit\u00f3s de Bages.<br \/>\nDescubra la antigua villa fortificada.<\/p>\n<p><strong>Noche-noche (dos opciones)<\/strong><br \/>\nOpci\u00f3n 1. Nueva Bodega<br \/>\nEmbutido y queso con vinos DO Pla de Bages, en el Nou Celler. 2 copas de vino por persona y mesa<br \/>\nde embutidos y queso de proximidad con pan con tomate.<\/p>\n<p>Opci\u00f3n 2. El Casino<br \/>\nUna hamburguesa de las buenas, acompa\u00f1ada por unas copas de vino DO Pla de Bages, en un<br \/>\nambiente distendido y con las mejores vistas de la Sagrera.<\/p>\n<p><strong>Noche<\/strong><br \/>\nEn r\u00e9gimen AE en el Hotel M\u00f3n<br \/>\nEn habitaci\u00f3n doble y en r\u00e9gimen de alojamiento y desayuno.<\/p>\n<p><strong>Ma\u00f1ana 2\u00ba d\u00eda<\/strong><br \/>\nMuseo del vi\u00f1edo y el vino<br \/>\nEl Museo quiere rendir un homenaje a toda aquella gente que trabaj\u00f3 cuidando el vi\u00f1edo, cultiv\u00e1ndolo<br \/>\ny recogiendo el fruto, para elaborar vino o derivados. Con la visita nos adentraremos en un pasado<br \/>\nno muy lejano para tomar conciencia de la importancia de este cultivo en el Pla de Bages.<\/p>\n<p>Visita y cata de vinos en la bodega Mond Obert<br \/>\nVisite sus vi\u00f1edos al pie de Acequia de Manresa y deguste lo mejor de sus vinos, sin<br \/>\nperderos el Picapoll, la variedad aut\u00f3ctona de la comarca.<\/p>\n<p><strong>Mediod\u00eda 2\u00ba d\u00eda<\/strong><br \/>\nAlmuerzo en el restaurante La Cuina de l&#8217;Era<br \/>\nDegustaci\u00f3n de entrantes, segundo a escoger, postre, agua y vino DO Pla de Bages.<\/p>\n<p><em>NOTA: Disponible en fin de semana, siempre con reserva previa.<\/em><\/p>\n<p><a class=\"mes-info boto-comprar\" href=\"https:\/\/btiquets.com\/event\/el-vi-del-pla-de-bages-a-sant-fruitos\">Comprar<\/a>","protected":false},"author":26,"featured_media":14496,"template":"","tags":[123,129,316],"class_list":["post-14477","activitats","type-activitats","status-publish","has-post-thumbnail","hentry","tag-123","tag-ibers","tag-el-vi-del-pla-de-bages","municipi-sant-fruitos-de-bages","tipus-cultura","tipus-gastronomia","tipus-enoturisme","indicadors-do-pla-de-bages","indicadors-activitat-de-pagament","indicadors-ruta-del-vi-de-la-do-pla-de-bages"],"acf":{"galeria":[{"ID":14478,"id":14478,"title":"EL vi de pla de Bages","filename":"capcelera-EL-vi-de-pla-de-Bages.jpg","filesize":95813,"url":"https:\/\/www.bagesturisme.cat\/wp-content\/uploads\/2024\/07\/capcelera-EL-vi-de-pla-de-Bages.jpg","link":"https:\/\/www.bagesturisme.cat\/es\/activitat\/el-vi-del-pla-de-bages-a-sant-fruitos-de-bages-paquet-turistic\/capcelera-el-vi-de-pla-de-bages\/","alt":"","author":"26","description":"","caption":"","name":"capcelera-el-vi-de-pla-de-bages","status":"inherit","uploaded_to":14477,"date":"2024-07-24 10:59:53","modified":"2024-07-24 11:02:36","menu_order":0,"mime_type":"image\/jpeg","type":"image","subtype":"jpeg","icon":"https:\/\/www.bagesturisme.cat\/wp-includes\/images\/media\/default.png","width":580,"height":828,"sizes":{"thumbnail":"https:\/\/www.bagesturisme.cat\/wp-content\/uploads\/2024\/07\/capcelera-EL-vi-de-pla-de-Bages-150x150.jpg","thumbnail-width":150,"thumbnail-height":150,"medium":"https:\/\/www.bagesturisme.cat\/wp-content\/uploads\/2024\/07\/capcelera-EL-vi-de-pla-de-Bages-280x400.jpg","medium-width":280,"medium-height":400,"medium_large":"https:\/\/www.bagesturisme.cat\/wp-content\/uploads\/2024\/07\/capcelera-EL-vi-de-pla-de-Bages.jpg","medium_large-width":580,"medium_large-height":828,"large":"https:\/\/www.bagesturisme.cat\/wp-content\/uploads\/2024\/07\/capcelera-EL-vi-de-pla-de-Bages.jpg","large-width":580,"large-height":828,"1536x1536":"https:\/\/www.bagesturisme.cat\/wp-content\/uploads\/2024\/07\/capcelera-EL-vi-de-pla-de-Bages.jpg","1536x1536-width":580,"1536x1536-height":828,"2048x2048":"https:\/\/www.bagesturisme.cat\/wp-content\/uploads\/2024\/07\/capcelera-EL-vi-de-pla-de-Bages.jpg","2048x2048-width":580,"2048x2048-height":828,"blog-large":"https:\/\/www.bagesturisme.cat\/wp-content\/uploads\/2024\/07\/capcelera-EL-vi-de-pla-de-Bages.jpg","blog-large-width":191,"blog-large-height":272,"blog-medium":"https:\/\/www.bagesturisme.cat\/wp-content\/uploads\/2024\/07\/capcelera-EL-vi-de-pla-de-Bages.jpg","blog-medium-width":141,"blog-medium-height":202,"recent-posts":"https:\/\/www.bagesturisme.cat\/wp-content\/uploads\/2024\/07\/capcelera-EL-vi-de-pla-de-Bages.jpg","recent-posts-width":309,"recent-posts-height":441,"recent-works-thumbnail":"https:\/\/www.bagesturisme.cat\/wp-content\/uploads\/2024\/07\/capcelera-EL-vi-de-pla-de-Bages.jpg","recent-works-thumbnail-width":46,"recent-works-thumbnail-height":66,"fusion-200":"https:\/\/www.bagesturisme.cat\/wp-content\/uploads\/2024\/07\/capcelera-EL-vi-de-pla-de-Bages.jpg","fusion-200-width":200,"fusion-200-height":286,"fusion-400":"https:\/\/www.bagesturisme.cat\/wp-content\/uploads\/2024\/07\/capcelera-EL-vi-de-pla-de-Bages.jpg","fusion-400-width":400,"fusion-400-height":571,"fusion-600":"https:\/\/www.bagesturisme.cat\/wp-content\/uploads\/2024\/07\/capcelera-EL-vi-de-pla-de-Bages.jpg","fusion-600-width":580,"fusion-600-height":828,"fusion-800":"https:\/\/www.bagesturisme.cat\/wp-content\/uploads\/2024\/07\/capcelera-EL-vi-de-pla-de-Bages.jpg","fusion-800-width":580,"fusion-800-height":828,"fusion-1200":"https:\/\/www.bagesturisme.cat\/wp-content\/uploads\/2024\/07\/capcelera-EL-vi-de-pla-de-Bages.jpg","fusion-1200-width":580,"fusion-1200-height":828,"portfolio-full":"https:\/\/www.bagesturisme.cat\/wp-content\/uploads\/2024\/07\/capcelera-EL-vi-de-pla-de-Bages.jpg","portfolio-full-width":280,"portfolio-full-height":400,"portfolio-one":"https:\/\/www.bagesturisme.cat\/wp-content\/uploads\/2024\/07\/capcelera-EL-vi-de-pla-de-Bages.jpg","portfolio-one-width":191,"portfolio-one-height":272,"portfolio-two":"https:\/\/www.bagesturisme.cat\/wp-content\/uploads\/2024\/07\/capcelera-EL-vi-de-pla-de-Bages.jpg","portfolio-two-width":207,"portfolio-two-height":295,"portfolio-three":"https:\/\/www.bagesturisme.cat\/wp-content\/uploads\/2024\/07\/capcelera-EL-vi-de-pla-de-Bages.jpg","portfolio-three-width":150,"portfolio-three-height":214,"portfolio-five":"https:\/\/www.bagesturisme.cat\/wp-content\/uploads\/2024\/07\/capcelera-EL-vi-de-pla-de-Bages.jpg","portfolio-five-width":99,"portfolio-five-height":142}}],"entitat":"Ajuntament de Sant Fruit\u00f3s","adreca":"","telefon":"","email":"sfb.turisme@santfruit\u00f3s.cat","web":"https:\/\/turismesantfruitos.cat\/","link-venda":"https:\/\/btiquets.com\/event\/el-vi-del-pla-de-bages-a-sant-fruitos","ubicacio":false},"_links":{"self":[{"href":"https:\/\/www.bagesturisme.cat\/es\/wp-json\/wp\/v2\/activitats\/14477","targetHints":{"allow":["GET"]}}],"collection":[{"href":"https:\/\/www.bagesturisme.cat\/es\/wp-json\/wp\/v2\/activitats"}],"about":[{"href":"https:\/\/www.bagesturisme.cat\/es\/wp-json\/wp\/v2\/types\/activitats"}],"author":[{"embeddable":true,"href":"https:\/\/www.bagesturisme.cat\/es\/wp-json\/wp\/v2\/users\/26"}],"version-history":[{"count":7,"href":"https:\/\/www.bagesturisme.cat\/es\/wp-json\/wp\/v2\/activitats\/14477\/revisions"}],"predecessor-version":[{"id":14553,"href":"https:\/\/www.bagesturisme.cat\/es\/wp-json\/wp\/v2\/activitats\/14477\/revisions\/14553"}],"wp:featuredmedia":[{"embeddable":true,"href":"https:\/\/www.bagesturisme.cat\/es\/wp-json\/wp\/v2\/media\/14496"}],"wp:attachment":[{"href":"https:\/\/www.bagesturisme.cat\/es\/wp-json\/wp\/v2\/media?parent=14477"}],"wp:term":[{"taxonomy":"post_tag","embeddable":true,"href":"https:\/\/www.bagesturisme.cat\/es\/wp-json\/wp\/v2\/tags?post=14477"}],"curies":[{"name":"wp","href":"https:\/\/api.w.org\/{rel}","templated":true}]}}

El vino del Pla de Bages en Sant Fruitós de Bages &#8211; Paquete turístico

<h1 id="tw-target-text" class="tw-data-text tw-text-large tw-ta" dir="ltr" data-placeholder="Traducció" aria-label="Text traduït" data-ved="2ahUKEwjVr4z-teKHAxVSWkEAHWIWCyUQ3ewLegQIBxAU"><span class="Y2IQFc" lang="es">El vino del Pla de Bages en Sant Fruitós de Bages</span></h1>
<p>2 días y 1 noche / 2 personas</p>
<p style="text-align: left">       300€2 pax.</p>
<p>Todo comienza paseando por la Sagrera para descubrir el casco antiguo del municipio,<br />
para continuar con unas copas de vino y un bocado, en un ambiente distendido en el Nou Celler<br />
o en el Casino, según sea su elección. Haga noche en el Hotel Món, de Món Sant Benet,<br />
donde también disfruta de un espléndido desayuno.</p>
<p>Sabéis que antes de la filoxera, el Bages era la comarca con mayor superficie de<br />
cultivo de vid? El territorio está lleno de vestigios de piedra seca que nos hablan de aquella<br />
época. Lo descubre con su visita al Museo de la viña y el vino.<br />
Y después de ilustraros, se dirige a la Bodega del Mond Obert, para hacer una visita<br />
y probar sus vinos. Finalmente, acabe la jornada vitivinícola con una comida en La Cuina de l&#8217;Era,<br />
regado con vino de la DO Pla de Bages, como no podía ser de otra manera.<br />
Y si tiene ganas de más, allí mismo puede dar una vuelta por el camino de la Acequia.</p>
<p><strong>Tarde 1er día</strong></p>
<p>Paseo por la Sagrera, el núcleo germinal de Sant Fruitós de Bages.<br />
Descubra la antigua villa fortificada.</p>
<p><strong>Noche-noche (dos opciones)</strong><br />
Opción 1. Nueva Bodega<br />
Embutido y queso con vinos DO Pla de Bages, en el Nou Celler. 2 copas de vino por persona y mesa<br />
de embutidos y queso de proximidad con pan con tomate.</p>
<p>Opción 2. El Casino<br />
Una hamburguesa de las buenas, acompañada por unas copas de vino DO Pla de Bages, en un<br />
ambiente distendido y con las mejores vistas de la Sagrera.</p>
<p><strong>Noche</strong><br />
En régimen AE en el Hotel Món<br />
En habitación doble y en régimen de alojamiento y desayuno.</p>
<p><strong>Mañana 2º día</strong><br />
Museo del viñedo y el vino<br />
El Museo quiere rendir un homenaje a toda aquella gente que trabajó cuidando el viñedo, cultivándolo<br />
y recogiendo el fruto, para elaborar vino o derivados. Con la visita nos adentraremos en un pasado<br />
no muy lejano para tomar conciencia de la importancia de este cultivo en el Pla de Bages.</p>
<p>Visita y cata de vinos en la bodega Mond Obert<br />
Visite sus viñedos al pie de Acequia de Manresa y deguste lo mejor de sus vinos, sin<br />
perderos el Picapoll, la variedad autóctona de la comarca.</p>
<p><strong>Mediodía 2º día</strong><br />
Almuerzo en el restaurante La Cuina de l&#8217;Era<br />
Degustación de entrantes, segundo a escoger, postre, agua y vino DO Pla de Bages.</p>
<p><em>NOTA: Disponible en fin de semana, siempre con reserva previa.</em></p>
<p><a class="mes-info boto-comprar" href="https://btiquets.com/event/el-vi-del-pla-de-bages-a-sant-fruitos">Comprar</a>

Ajuntament de Sant Fruitós

sfb.turisme@santfruitós.cat
