{"id":12263,"date":"2022-12-02T08:17:29","date_gmt":"2022-12-02T07:17:29","guid":{"rendered":"https:\/\/bagesturisme.cat\/?post_type=activitats&#038;p=12263"},"modified":"2022-12-02T08:17:30","modified_gmt":"2022-12-02T07:17:30","slug":"visita-guiada-a-lexposicio-el-que-diuen-les-pedres-callen-els-arbres","status":"publish","type":"activitats","link":"https:\/\/www.bagesturisme.cat\/es\/activitat\/visita-guiada-a-lexposicio-el-que-diuen-les-pedres-callen-els-arbres\/","title":{"rendered":"Visita guiada a la exposici\u00f3n &#8216;Lo que dicen las piedras, callan los \u00e1rboles\u00bbns contingut"},"content":{"rendered":"Visita guiada por las localizaciones de las iglesias derribadas de la ciudad y en la exposici\u00f3n del artista Jes\u00fas Gald\u00f3n &#8216;Lo que dicen las piedras, callan los \u00e1rboles&#8217; en el Espacio Memorias &#8211; eMM2, Almac\u00e9n Lapidario, donde se conserva la col\u00b7 ci\u00f3n de elementos de piedra del Museo de Manresa provenientes principalmente de la destrucci\u00f3n de las iglesias que se hizo durante la Guerra Civil.<\/p>\n<p>Domingo 11 de diciembre, de 11 a 12:30 h<\/p>\n<p>Con inscripci\u00f3n previa a museu@ajmanresa.cat y al Tel. 93 874 11 55, hasta el viernes 9 de diciembre a las 14 h.<\/p>\n<p>Inicio de la visita al Espacio Manresa 1522, Calle Mestre Blanch, 4 (Teatro Conservatorio)","protected":false},"author":2,"featured_media":12264,"template":"","tags":[],"class_list":["post-12263","activitats","type-activitats","status-publish","has-post-thumbnail","hentry","municipi-manresa","tipus-turisme-actiu","tipus-guiatges","indicadors-biosphere"],"acf":{"email":"museu@ajmanresa.org","adreca":"Espai Manresa 1522, Carrer Mestre Blanch, 4 (Teatre Conservatori). Manresa","web":"http:\/\/museudemanresa.cat\/activitats\/1","telefon":"93 874 11 55","entitat":"Museu de Manresa","galeria":false,"link-venda":"","ubicacio":false},"_links":{"self":[{"href":"https:\/\/www.bagesturisme.cat\/es\/wp-json\/wp\/v2\/activitats\/12263","targetHints":{"allow":["GET"]}}],"collection":[{"href":"https:\/\/www.bagesturisme.cat\/es\/wp-json\/wp\/v2\/activitats"}],"about":[{"href":"https:\/\/www.bagesturisme.cat\/es\/wp-json\/wp\/v2\/types\/activitats"}],"author":[{"embeddable":true,"href":"https:\/\/www.bagesturisme.cat\/es\/wp-json\/wp\/v2\/users\/2"}],"version-history":[{"count":1,"href":"https:\/\/www.bagesturisme.cat\/es\/wp-json\/wp\/v2\/activitats\/12263\/revisions"}],"predecessor-version":[{"id":12281,"href":"https:\/\/www.bagesturisme.cat\/es\/wp-json\/wp\/v2\/activitats\/12263\/revisions\/12281"}],"wp:featuredmedia":[{"embeddable":true,"href":"https:\/\/www.bagesturisme.cat\/es\/wp-json\/wp\/v2\/media\/12264"}],"wp:attachment":[{"href":"https:\/\/www.bagesturisme.cat\/es\/wp-json\/wp\/v2\/media?parent=12263"}],"wp:term":[{"taxonomy":"post_tag","embeddable":true,"href":"https:\/\/www.bagesturisme.cat\/es\/wp-json\/wp\/v2\/tags?post=12263"}],"curies":[{"name":"wp","href":"https:\/\/api.w.org\/{rel}","templated":true}]}}

Visita guiada a la exposición &#8216;Lo que dicen las piedras, callan los árboles»ns contingut

Visita guiada por las localizaciones de las iglesias derribadas de la ciudad y en la exposición del artista Jesús Galdón &#8216;Lo que dicen las piedras, callan los árboles&#8217; en el Espacio Memorias &#8211; eMM2, Almacén Lapidario, donde se conserva la col· ción de elementos de piedra del Museo de Manresa provenientes principalmente de la destrucción de las iglesias que se hizo durante la Guerra Civil.</p>
<p>Domingo 11 de diciembre, de 11 a 12:30 h</p>
<p>Con inscripción previa a museu@ajmanresa.cat y al Tel. 93 874 11 55, hasta el viernes 9 de diciembre a las 14 h.</p>
<p>Inicio de la visita al Espacio Manresa 1522, Calle Mestre Blanch, 4 (Teatro Conservatorio)
