{"id":11402,"date":"2022-06-03T06:59:46","date_gmt":"2022-06-03T05:59:46","guid":{"rendered":"https:\/\/bagesturisme.cat\/?post_type=activitats&#038;p=11402"},"modified":"2022-06-03T06:59:47","modified_gmt":"2022-06-03T05:59:47","slug":"jornada-de-portes-obertes-a-lespai-memories-emm2-magatzem-lapidari-del-museu-de-manresa","status":"publish","type":"activitats","link":"https:\/\/www.bagesturisme.cat\/es\/activitat\/jornada-de-portes-obertes-a-lespai-memories-emm2-magatzem-lapidari-del-museu-de-manresa\/","title":{"rendered":"Jornada de Puertas Abiertas al Espacio Memorias eMM2, Almac\u00e9n Lapidario del Museo de Manresa."},"content":{"rendered":"El Museo de Manresa presenta el espacio eMM2 &#8211; Espai Memories. almac\u00e9n lapidario, con la instalaci\u00f3n art\u00edstica \u00abLo que dicen las piedras callan los \u00e1rboles\u00bb, del artista Jes\u00fas Gald\u00f3n.<\/p>\n<p>El espacio se encuentra en el almac\u00e9n del Museo de la plaza de la Reforma y preserva la colecci\u00f3n de elementos de piedra del Museo de Manresa provenientes principalmente del derribo de las iglesias y conventos g\u00f3ticos y barrocos de la ciudad que se va hizo en 1936 durante la Guerra Civil, en pleno per\u00edodo revolucionario. Fragmentos de esculturas, clavos de b\u00f3veda, sarc\u00f3fagos, capiteles, fustes y bases de columnas, etc., conforman este fondo.<\/p>\n<p>El artista Jes\u00fas Gald\u00f3n, a trav\u00e9s de la instalaci\u00f3n \u201cLo que dicen las piedras callan los \u00e1rboles\u201d, abre la colecci\u00f3n del lapidario del Museo de Manresa a una mirada transversal y contempor\u00e1nea que nos interpela a reflexionar entorno a la origen, continuidad y destrucci\u00f3n del patrimonio local, ya la vez, universal.<\/p>\n<p>Le invitamos a descubrir el almac\u00e9n del Museo el segundo domingo de cada mes a trav\u00e9s de jornadas de puertas abiertas y visitas guiadas.","protected":false},"author":2,"featured_media":0,"template":"","tags":[],"class_list":["post-11402","activitats","type-activitats","status-publish","hentry","municipi-manresa","tipus-cultura"],"acf":{"email":"museu@ajmanresa.org","adreca":"Magatzem lapidari, Pla\u00e7a de la Reforma s\/n","web":"http:\/\/museudemanresa.cat\/activitats\/1","telefon":"93 874 11 55","entitat":"Museu de Manresa","galeria":false,"link-venda":"","ubicacio":false},"_links":{"self":[{"href":"https:\/\/www.bagesturisme.cat\/es\/wp-json\/wp\/v2\/activitats\/11402","targetHints":{"allow":["GET"]}}],"collection":[{"href":"https:\/\/www.bagesturisme.cat\/es\/wp-json\/wp\/v2\/activitats"}],"about":[{"href":"https:\/\/www.bagesturisme.cat\/es\/wp-json\/wp\/v2\/types\/activitats"}],"author":[{"embeddable":true,"href":"https:\/\/www.bagesturisme.cat\/es\/wp-json\/wp\/v2\/users\/2"}],"version-history":[{"count":1,"href":"https:\/\/www.bagesturisme.cat\/es\/wp-json\/wp\/v2\/activitats\/11402\/revisions"}],"predecessor-version":[{"id":11404,"href":"https:\/\/www.bagesturisme.cat\/es\/wp-json\/wp\/v2\/activitats\/11402\/revisions\/11404"}],"wp:attachment":[{"href":"https:\/\/www.bagesturisme.cat\/es\/wp-json\/wp\/v2\/media?parent=11402"}],"wp:term":[{"taxonomy":"post_tag","embeddable":true,"href":"https:\/\/www.bagesturisme.cat\/es\/wp-json\/wp\/v2\/tags?post=11402"}],"curies":[{"name":"wp","href":"https:\/\/api.w.org\/{rel}","templated":true}]}}

Jornada de Puertas Abiertas al Espacio Memorias eMM2, Almacén Lapidario del Museo de Manresa.

El Museo de Manresa presenta el espacio eMM2 &#8211; Espai Memories. almacén lapidario, con la instalación artística «Lo que dicen las piedras callan los árboles», del artista Jesús Galdón.</p>
<p>El espacio se encuentra en el almacén del Museo de la plaza de la Reforma y preserva la colección de elementos de piedra del Museo de Manresa provenientes principalmente del derribo de las iglesias y conventos góticos y barrocos de la ciudad que se va hizo en 1936 durante la Guerra Civil, en pleno período revolucionario. Fragmentos de esculturas, clavos de bóveda, sarcófagos, capiteles, fustes y bases de columnas, etc., conforman este fondo.</p>
<p>El artista Jesús Galdón, a través de la instalación “Lo que dicen las piedras callan los árboles”, abre la colección del lapidario del Museo de Manresa a una mirada transversal y contemporánea que nos interpela a reflexionar entorno a la origen, continuidad y destrucción del patrimonio local, ya la vez, universal.</p>
<p>Le invitamos a descubrir el almacén del Museo el segundo domingo de cada mes a través de jornadas de puertas abiertas y visitas guiadas.

Magatzem lapidari, Plaça de la Reforma s/n
