{"id":11040,"date":"2022-03-22T09:10:36","date_gmt":"2022-03-22T08:10:36","guid":{"rendered":"https:\/\/bagesturisme.cat\/?post_type=activitats&#038;p=11040"},"modified":"2022-03-22T09:15:35","modified_gmt":"2022-03-22T08:15:35","slug":"visita-guiada-al-nucli-historic-de-castellnou-de-bages-i-museu-dels-maquis","status":"publish","type":"activitats","link":"https:\/\/www.bagesturisme.cat\/es\/activitat\/visita-guiada-al-nucli-historic-de-castellnou-de-bages-i-museu-dels-maquis\/","title":{"rendered":"Visita guiada al Centro hist\u00f3rico de Castellnou de Bages y el Museo de los Maquis"},"content":{"rendered":"El \u00faltimo domingo de cada mes el Ajuntament de Castellnou de Bages ofrece una visita guiada al Centro hist\u00f3rico de Castellnou de Bages para conocer des de sus or\u00edgenes con la repoblaci\u00f3n del s.X (castillo del Buc), la iglesia romanica lombarda de Sant Andreu, el cementerio monumental y, en especial, el Museu dels Maquis y la important huella que la lucha guerrillera antifascista dej\u00f3 en este territorio.<br \/>\nLas visitas se realizaran a les 11h con una duraci\u00f3n aproximada de 90 min. Imprescindible reserva previa enviando correo electr\u00f3nico a ctnb.info@castellnoudebages.cat.<br \/>\nPrecio: 3,00 euros (tasa entrada al Museo). Consultar descuentos por edad y grupos en la pagina web municipal.","protected":false},"author":14,"featured_media":11041,"template":"","tags":[],"class_list":["post-11040","activitats","type-activitats","status-publish","has-post-thumbnail","hentry","municipi-castellnou-de-bages","tipus-cultura"],"acf":{"email":"ctnb.info@castellnoudebages.cat","adreca":"Pla\u00e7a de l'Esgl\u00e9sia, s\/nCastellnou de Bages","web":"https:\/\/www.castellnoudebages.cat\/el-municipi\/turisme\/visites-guiades\/","telefon":"938272091","entitat":"Ajuntament de Castellnou de Bages","galeria":false,"link-venda":"","ubicacio":false},"_links":{"self":[{"href":"https:\/\/www.bagesturisme.cat\/es\/wp-json\/wp\/v2\/activitats\/11040","targetHints":{"allow":["GET"]}}],"collection":[{"href":"https:\/\/www.bagesturisme.cat\/es\/wp-json\/wp\/v2\/activitats"}],"about":[{"href":"https:\/\/www.bagesturisme.cat\/es\/wp-json\/wp\/v2\/types\/activitats"}],"author":[{"embeddable":true,"href":"https:\/\/www.bagesturisme.cat\/es\/wp-json\/wp\/v2\/users\/14"}],"version-history":[{"count":2,"href":"https:\/\/www.bagesturisme.cat\/es\/wp-json\/wp\/v2\/activitats\/11040\/revisions"}],"predecessor-version":[{"id":11043,"href":"https:\/\/www.bagesturisme.cat\/es\/wp-json\/wp\/v2\/activitats\/11040\/revisions\/11043"}],"wp:featuredmedia":[{"embeddable":true,"href":"https:\/\/www.bagesturisme.cat\/es\/wp-json\/wp\/v2\/media\/11041"}],"wp:attachment":[{"href":"https:\/\/www.bagesturisme.cat\/es\/wp-json\/wp\/v2\/media?parent=11040"}],"wp:term":[{"taxonomy":"post_tag","embeddable":true,"href":"https:\/\/www.bagesturisme.cat\/es\/wp-json\/wp\/v2\/tags?post=11040"}],"curies":[{"name":"wp","href":"https:\/\/api.w.org\/{rel}","templated":true}]}}

Visita guiada al Centro histórico de Castellnou de Bages y el Museo de los Maquis

El último domingo de cada mes el Ajuntament de Castellnou de Bages ofrece una visita guiada al Centro histórico de Castellnou de Bages para conocer des de sus orígenes con la repoblación del s.X (castillo del Buc), la iglesia romanica lombarda de Sant Andreu, el cementerio monumental y, en especial, el Museu dels Maquis y la important huella que la lucha guerrillera antifascista dejó en este territorio.<br />
Las visitas se realizaran a les 11h con una duración aproximada de 90 min. Imprescindible reserva previa enviando correo electrónico a ctnb.info@castellnoudebages.cat.<br />
Precio: 3,00 euros (tasa entrada al Museo). Consultar descuentos por edad y grupos en la pagina web municipal.

Plaça de l'Església, s/nCastellnou de Bages
