{"version":"1.0","provider_name":"Bages Turisme","provider_url":"https:\/\/www.bagesturisme.cat\/es","title":"La riera de Rajadell (M2) (Anella Verda) - Bages Turisme","type":"rich","width":600,"height":338,"html":"<blockquote class=\"wp-embedded-content\" data-secret=\"BgvUzMCgam\"><a href=\"https:\/\/www.bagesturisme.cat\/es\/rutes\/la-riera-de-rajadell-m2-anella-verda\/\">La riera de Rajadell (M2) (Anella Verda)<\/a><\/blockquote><iframe sandbox=\"allow-scripts\" security=\"restricted\" src=\"https:\/\/www.bagesturisme.cat\/es\/rutes\/la-riera-de-rajadell-m2-anella-verda\/embed\/#?secret=BgvUzMCgam\" width=\"600\" height=\"338\" title=\"\u00abLa riera de Rajadell (M2) (Anella Verda)\u00bb \u2014 Bages Turisme\" data-secret=\"BgvUzMCgam\" frameborder=\"0\" marginwidth=\"0\" marginheight=\"0\" scrolling=\"no\" class=\"wp-embedded-content\"><\/iframe><script type=\"text\/javascript\">\n\/* <![CDATA[ *\/\n\/*! This file is auto-generated *\/\n!function(d,l){\"use strict\";l.querySelector&&d.addEventListener&&\"undefined\"!=typeof URL&&(d.wp=d.wp||{},d.wp.receiveEmbedMessage||(d.wp.receiveEmbedMessage=function(e){var t=e.data;if((t||t.secret||t.message||t.value)&&!\/[^a-zA-Z0-9]\/.test(t.secret)){for(var s,r,n,a=l.querySelectorAll('iframe[data-secret=\"'+t.secret+'\"]'),o=l.querySelectorAll('blockquote[data-secret=\"'+t.secret+'\"]'),c=new RegExp(\"^https?:$\",\"i\"),i=0;i<o.length;i++)o[i].style.display=\"none\";for(i=0;i<a.length;i++)s=a[i],e.source===s.contentWindow&&(s.removeAttribute(\"style\"),\"height\"===t.message?(1e3<(r=parseInt(t.value,10))?r=1e3:~~r<200&&(r=200),s.height=r):\"link\"===t.message&&(r=new URL(s.getAttribute(\"src\")),n=new URL(t.value),c.test(n.protocol))&&n.host===r.host&&l.activeElement===s&&(d.top.location.href=t.value))}},d.addEventListener(\"message\",d.wp.receiveEmbedMessage,!1),l.addEventListener(\"DOMContentLoaded\",function(){for(var e,t,s=l.querySelectorAll(\"iframe.wp-embedded-content\"),r=0;r<s.length;r++)(t=(e=s[r]).getAttribute(\"data-secret\"))||(t=Math.random().toString(36).substring(2,12),e.src+=\"#?secret=\"+t,e.setAttribute(\"data-secret\",t)),e.contentWindow.postMessage({message:\"ready\",secret:t},\"*\")},!1)))}(window,document);\n\/\/# sourceURL=https:\/\/www.bagesturisme.cat\/wp-includes\/js\/wp-embed.min.js\n\/* ]]> *\/\n<\/script>\n","thumbnail_url":"https:\/\/www.bagesturisme.cat\/wp-content\/uploads\/2022\/06\/M2-Gorg-blau-baixa.jpg","thumbnail_width":1280,"thumbnail_height":851,"description":"La riera de Rajadell nace en el t\u00e9rmino municipal de Sant Pere Sallavinera y se abre paso de oeste a este formando un valle mayoritariamente ancho. Discurre por el t\u00e9rmino de Manresa hasta que desemboca en el Cardener, en la zona de Can Poc Oli, despu\u00e9s de haber recorrido parte de los \u00faltimos kil\u00f3metros encajada [...]"}

La riera de Rajadell nace en el término municipal de Sant Pere Sallavinera y se abre paso de oeste a este formando un valle mayoritariamente ancho. Discurre por el término de Manresa hasta que desemboca en el Cardener, en la zona de Can Poc Oli, después de haber recorrido parte de los últimos kilómetros encajada [...]
