{"version":"1.0","provider_name":"Bages Turisme","provider_url":"https:\/\/www.bagesturisme.cat\/es","title":"Fira Viba - Bages Turisme","type":"rich","width":600,"height":338,"html":"<blockquote class=\"wp-embedded-content\" data-secret=\"k1XCaX9VJm\"><a href=\"https:\/\/www.bagesturisme.cat\/es\/esdeveniments\/fira-viba\/\">Fira Viba<\/a><\/blockquote><iframe sandbox=\"allow-scripts\" security=\"restricted\" src=\"https:\/\/www.bagesturisme.cat\/es\/esdeveniments\/fira-viba\/embed\/#?secret=k1XCaX9VJm\" width=\"600\" height=\"338\" title=\"\u00abFira Viba\u00bb \u2014 Bages Turisme\" data-secret=\"k1XCaX9VJm\" frameborder=\"0\" marginwidth=\"0\" marginheight=\"0\" scrolling=\"no\" class=\"wp-embedded-content\"><\/iframe><script type=\"text\/javascript\">\n\/* <![CDATA[ *\/\n\/*! This file is auto-generated *\/\n!function(d,l){\"use strict\";l.querySelector&&d.addEventListener&&\"undefined\"!=typeof URL&&(d.wp=d.wp||{},d.wp.receiveEmbedMessage||(d.wp.receiveEmbedMessage=function(e){var t=e.data;if((t||t.secret||t.message||t.value)&&!\/[^a-zA-Z0-9]\/.test(t.secret)){for(var s,r,n,a=l.querySelectorAll('iframe[data-secret=\"'+t.secret+'\"]'),o=l.querySelectorAll('blockquote[data-secret=\"'+t.secret+'\"]'),c=new RegExp(\"^https?:$\",\"i\"),i=0;i<o.length;i++)o[i].style.display=\"none\";for(i=0;i<a.length;i++)s=a[i],e.source===s.contentWindow&&(s.removeAttribute(\"style\"),\"height\"===t.message?(1e3<(r=parseInt(t.value,10))?r=1e3:~~r<200&&(r=200),s.height=r):\"link\"===t.message&&(r=new URL(s.getAttribute(\"src\")),n=new URL(t.value),c.test(n.protocol))&&n.host===r.host&&l.activeElement===s&&(d.top.location.href=t.value))}},d.addEventListener(\"message\",d.wp.receiveEmbedMessage,!1),l.addEventListener(\"DOMContentLoaded\",function(){for(var e,t,s=l.querySelectorAll(\"iframe.wp-embedded-content\"),r=0;r<s.length;r++)(t=(e=s[r]).getAttribute(\"data-secret\"))||(t=Math.random().toString(36).substring(2,12),e.src+=\"#?secret=\"+t,e.setAttribute(\"data-secret\",t)),e.contentWindow.postMessage({message:\"ready\",secret:t},\"*\")},!1)))}(window,document);\n\/\/# sourceURL=https:\/\/www.bagesturisme.cat\/wp-includes\/js\/wp-embed.min.js\n\/* ]]> *\/\n<\/script>\n","thumbnail_url":"https:\/\/www.bagesturisme.cat\/wp-content\/uploads\/2025\/07\/firaviba_nitdepicapolls-059-800x533-1.jpg","thumbnail_width":800,"thumbnail_height":533,"description":"La ViBa, la Feria del vino del Bages &nbsp; Un a\u00f1o m\u00e1s, ViBa te abre las puertas para compartir una gran variedad de experiencias en torno al vino elaborado en el coraz\u00f3n del Bages. Un programa lleno de actividades pensadas para todos: desde los amantes del vino, los enamorados del Bages, hasta familias o profesionales. [...]"}

La ViBa, la Feria del vino del Bages &nbsp; Un año más, ViBa te abre las puertas para compartir una gran variedad de experiencias en torno al vino elaborado en el corazón del Bages. Un programa lleno de actividades pensadas para todos: desde los amantes del vino, los enamorados del Bages, hasta familias o profesionales. [...]
