{"id":174,"date":"2016-12-15T14:23:20","date_gmt":"2016-12-15T13:23:20","guid":{"rendered":"https:\/\/bagesturisme.cat\/restauracio\/restaurant-cal-frare\/"},"modified":"2021-03-03T12:02:52","modified_gmt":"2021-03-03T11:02:52","slug":"restaurant-cal-frare","status":"publish","type":"restauracio","link":"https:\/\/www.bagesturisme.cat\/en\/restauracio\/restaurant-cal-frare\/","title":{"rendered":"Restaurant Cal Frare"},"content":{"rendered":"Viure una experi\u00e8ncia gastron\u00f2mica inolvidable \u00e9s el nostre repte des de 1993. Nosaltres hi posem la passi\u00f3 i l&#8217;entusiasme als fogons, la nostra filosofia \u00e9s crear respectant l&#8217;ess\u00e8ncia d&#8217;una excel\u00b7lent mat\u00e8ria primera, combinant la cuina casolana i de mercat, sense complexos, amb elements innovadors i sorprenents.<\/p>\n<p>Les nostres propostes culin\u00e0ries, en harmonia amb l&#8217;amabilitat i el tracte amigable i familiar a la sala us garanteix que la vostra estada a casa nostra es converteixi en una experi\u00e8ncia \u00fanica. El plat estrella que oferim \u00e9s <em>cuixent de peu de porc amb salsa pinzell<\/em>.<!--more-->Descans setmanal dimarts.<\/p>\n<p>Entre setmana nom\u00e9s dinars.<\/p>\n<p>Els caps de setmana, divendres incl\u00f2s, fan tots els \u00e0pats.<\/p>","protected":false},"author":12,"featured_media":9181,"template":"","class_list":["post-174","restauracio","type-restauracio","status-publish","has-post-thumbnail","hentry","municipi-castellfollit-del-boix"],"acf":{"adreca":"Afores, s\/n, Maians (Castellfollit del Boix)","web":"http:\/\/www.calfrare.cat","email":"calfrare.cat@hotmail.com","tel":"93 835 60 93","galeria":[{"ID":4251,"id":4251,"title":"","filename":"Exterior-Restaurant-Cal-Frare-960x600.jpg","filesize":0,"url":"https:\/\/www.bagesturisme.cat\/wp-content\/uploads\/2016\/12\/Exterior-Restaurant-Cal-Frare-960x600.jpg","link":"https:\/\/www.bagesturisme.cat\/en\/restauracio\/restaurant-cal-frare\/exterior-restaurant-cal-frare-960x600\/","alt":"","author":"3","description":"","caption":"","name":"exterior-restaurant-cal-frare-960x600","status":"inherit","uploaded_to":174,"date":"2017-09-28 08:10:34","modified":"2017-09-28 08:10:54","menu_order":0,"mime_type":"image\/jpeg","type":"image","subtype":"jpeg","icon":"https:\/\/www.bagesturisme.cat\/wp-includes\/images\/media\/default.png","width":960,"height":639,"sizes":{"thumbnail":"https:\/\/www.bagesturisme.cat\/wp-content\/uploads\/2016\/12\/Exterior-Restaurant-Cal-Frare-960x600-150x150.jpg","thumbnail-width":150,"thumbnail-height":150,"medium":"https:\/\/www.bagesturisme.cat\/wp-content\/uploads\/2016\/12\/Exterior-Restaurant-Cal-Frare-960x600-601x400.jpg","medium-width":601,"medium-height":400,"medium_large":"https:\/\/www.bagesturisme.cat\/wp-content\/uploads\/2016\/12\/Exterior-Restaurant-Cal-Frare-960x600-768x511.jpg","medium_large-width":768,"medium_large-height":511,"large":"https:\/\/www.bagesturisme.cat\/wp-content\/uploads\/2016\/12\/Exterior-Restaurant-Cal-Frare-960x600.jpg","large-width":960,"large-height":639,"1536x1536":"https:\/\/www.bagesturisme.cat\/wp-content\/uploads\/2016\/12\/Exterior-Restaurant-Cal-Frare-960x600.jpg","1536x1536-width":960,"1536x1536-height":639,"2048x2048":"https:\/\/www.bagesturisme.cat\/wp-content\/uploads\/2016\/12\/Exterior-Restaurant-Cal-Frare-960x600.jpg","2048x2048-width":960,"2048x2048-height":639,"blog-large":"https:\/\/www.bagesturisme.cat\/wp-content\/uploads\/2016\/12\/Exterior-Restaurant-Cal-Frare-960x600.jpg","blog-large-width":409,"blog-large-height":272,"blog-medium":"https:\/\/www.bagesturisme.cat\/wp-content\/uploads\/2016\/12\/Exterior-Restaurant-Cal-Frare-960x600.jpg","blog-medium-width":303,"blog-medium-height":202,"recent-posts":"https:\/\/www.bagesturisme.cat\/wp-content\/uploads\/2016\/12\/Exterior-Restaurant-Cal-Frare-960x600.jpg","recent-posts-width":663,"recent-posts-height":441,"recent-works-thumbnail":"https:\/\/www.bagesturisme.cat\/wp-content\/uploads\/2016\/12\/Exterior-Restaurant-Cal-Frare-960x600.jpg","recent-works-thumbnail-width":66,"recent-works-thumbnail-height":44,"fusion-200":"https:\/\/www.bagesturisme.cat\/wp-content\/uploads\/2016\/12\/Exterior-Restaurant-Cal-Frare-960x600.jpg","fusion-200-width":200,"fusion-200-height":133,"fusion-400":"https:\/\/www.bagesturisme.cat\/wp-content\/uploads\/2016\/12\/Exterior-Restaurant-Cal-Frare-960x600.jpg","fusion-400-width":400,"fusion-400-height":266,"fusion-600":"https:\/\/www.bagesturisme.cat\/wp-content\/uploads\/2016\/12\/Exterior-Restaurant-Cal-Frare-960x600.jpg","fusion-600-width":600,"fusion-600-height":399,"fusion-800":"https:\/\/www.bagesturisme.cat\/wp-content\/uploads\/2016\/12\/Exterior-Restaurant-Cal-Frare-960x600.jpg","fusion-800-width":800,"fusion-800-height":533,"fusion-1200":"https:\/\/www.bagesturisme.cat\/wp-content\/uploads\/2016\/12\/Exterior-Restaurant-Cal-Frare-960x600.jpg","fusion-1200-width":960,"fusion-1200-height":639,"portfolio-full":"https:\/\/www.bagesturisme.cat\/wp-content\/uploads\/2016\/12\/Exterior-Restaurant-Cal-Frare-960x600.jpg","portfolio-full-width":601,"portfolio-full-height":400,"portfolio-one":"https:\/\/www.bagesturisme.cat\/wp-content\/uploads\/2016\/12\/Exterior-Restaurant-Cal-Frare-960x600.jpg","portfolio-one-width":409,"portfolio-one-height":272,"portfolio-two":"https:\/\/www.bagesturisme.cat\/wp-content\/uploads\/2016\/12\/Exterior-Restaurant-Cal-Frare-960x600.jpg","portfolio-two-width":443,"portfolio-two-height":295,"portfolio-three":"https:\/\/www.bagesturisme.cat\/wp-content\/uploads\/2016\/12\/Exterior-Restaurant-Cal-Frare-960x600.jpg","portfolio-three-width":300,"portfolio-three-height":200,"portfolio-five":"https:\/\/www.bagesturisme.cat\/wp-content\/uploads\/2016\/12\/Exterior-Restaurant-Cal-Frare-960x600.jpg","portfolio-five-width":177,"portfolio-five-height":118}},{"ID":2568,"id":2568,"title":"","filename":"Cal-Frare.jpg","filesize":0,"url":"https:\/\/www.bagesturisme.cat\/wp-content\/uploads\/2016\/12\/Cal-Frare.jpg","link":"https:\/\/www.bagesturisme.cat\/en\/restauracio\/restaurant-cal-frare\/cal-frare\/","alt":"","author":"3","description":"","caption":"","name":"cal-frare","status":"inherit","uploaded_to":174,"date":"2017-08-02 08:13:56","modified":"2017-09-28 08:10:49","menu_order":0,"mime_type":"image\/jpeg","type":"image","subtype":"jpeg","icon":"https:\/\/www.bagesturisme.cat\/wp-includes\/images\/media\/default.png","width":960,"height":491,"sizes":{"thumbnail":"https:\/\/www.bagesturisme.cat\/wp-content\/uploads\/2016\/12\/Cal-Frare-150x150.jpg","thumbnail-width":150,"thumbnail-height":150,"medium":"https:\/\/www.bagesturisme.cat\/wp-content\/uploads\/2016\/12\/Cal-Frare-782x400.jpg","medium-width":782,"medium-height":400,"medium_large":"https:\/\/www.bagesturisme.cat\/wp-content\/uploads\/2016\/12\/Cal-Frare-768x393.jpg","medium_large-width":768,"medium_large-height":393,"large":"https:\/\/www.bagesturisme.cat\/wp-content\/uploads\/2016\/12\/Cal-Frare.jpg","large-width":960,"large-height":491,"1536x1536":"https:\/\/www.bagesturisme.cat\/wp-content\/uploads\/2016\/12\/Cal-Frare.jpg","1536x1536-width":960,"1536x1536-height":491,"2048x2048":"https:\/\/www.bagesturisme.cat\/wp-content\/uploads\/2016\/12\/Cal-Frare.jpg","2048x2048-width":960,"2048x2048-height":491,"blog-large":"https:\/\/www.bagesturisme.cat\/wp-content\/uploads\/2016\/12\/Cal-Frare.jpg","blog-large-width":532,"blog-large-height":272,"blog-medium":"https:\/\/www.bagesturisme.cat\/wp-content\/uploads\/2016\/12\/Cal-Frare.jpg","blog-medium-width":320,"blog-medium-height":164,"recent-posts":"https:\/\/www.bagesturisme.cat\/wp-content\/uploads\/2016\/12\/Cal-Frare.jpg","recent-posts-width":700,"recent-posts-height":358,"recent-works-thumbnail":"https:\/\/www.bagesturisme.cat\/wp-content\/uploads\/2016\/12\/Cal-Frare.jpg","recent-works-thumbnail-width":66,"recent-works-thumbnail-height":34,"fusion-200":"https:\/\/www.bagesturisme.cat\/wp-content\/uploads\/2016\/12\/Cal-Frare.jpg","fusion-200-width":200,"fusion-200-height":102,"fusion-400":"https:\/\/www.bagesturisme.cat\/wp-content\/uploads\/2016\/12\/Cal-Frare.jpg","fusion-400-width":400,"fusion-400-height":205,"fusion-600":"https:\/\/www.bagesturisme.cat\/wp-content\/uploads\/2016\/12\/Cal-Frare.jpg","fusion-600-width":600,"fusion-600-height":307,"fusion-800":"https:\/\/www.bagesturisme.cat\/wp-content\/uploads\/2016\/12\/Cal-Frare.jpg","fusion-800-width":800,"fusion-800-height":409,"fusion-1200":"https:\/\/www.bagesturisme.cat\/wp-content\/uploads\/2016\/12\/Cal-Frare.jpg","fusion-1200-width":960,"fusion-1200-height":491,"portfolio-full":"https:\/\/www.bagesturisme.cat\/wp-content\/uploads\/2016\/12\/Cal-Frare.jpg","portfolio-full-width":782,"portfolio-full-height":400,"portfolio-one":"https:\/\/www.bagesturisme.cat\/wp-content\/uploads\/2016\/12\/Cal-Frare.jpg","portfolio-one-width":532,"portfolio-one-height":272,"portfolio-two":"https:\/\/www.bagesturisme.cat\/wp-content\/uploads\/2016\/12\/Cal-Frare.jpg","portfolio-two-width":460,"portfolio-two-height":235,"portfolio-three":"https:\/\/www.bagesturisme.cat\/wp-content\/uploads\/2016\/12\/Cal-Frare.jpg","portfolio-three-width":300,"portfolio-three-height":153,"portfolio-five":"https:\/\/www.bagesturisme.cat\/wp-content\/uploads\/2016\/12\/Cal-Frare.jpg","portfolio-five-width":177,"portfolio-five-height":91}}],"ubicacio":{"address":"Masia Cal Frare 08255 Maians (Castellfollit del Boix)","lat":"41.633368","lng":"1.6831449999999677"}},"_links":{"self":[{"href":"https:\/\/www.bagesturisme.cat\/en\/wp-json\/wp\/v2\/restauracio\/174","targetHints":{"allow":["GET"]}}],"collection":[{"href":"https:\/\/www.bagesturisme.cat\/en\/wp-json\/wp\/v2\/restauracio"}],"about":[{"href":"https:\/\/www.bagesturisme.cat\/en\/wp-json\/wp\/v2\/types\/restauracio"}],"author":[{"embeddable":true,"href":"https:\/\/www.bagesturisme.cat\/en\/wp-json\/wp\/v2\/users\/12"}],"version-history":[{"count":9,"href":"https:\/\/www.bagesturisme.cat\/en\/wp-json\/wp\/v2\/restauracio\/174\/revisions"}],"predecessor-version":[{"id":9182,"href":"https:\/\/www.bagesturisme.cat\/en\/wp-json\/wp\/v2\/restauracio\/174\/revisions\/9182"}],"wp:featuredmedia":[{"embeddable":true,"href":"https:\/\/www.bagesturisme.cat\/en\/wp-json\/wp\/v2\/media\/9181"}],"wp:attachment":[{"href":"https:\/\/www.bagesturisme.cat\/en\/wp-json\/wp\/v2\/media?parent=174"}],"curies":[{"name":"wp","href":"https:\/\/api.w.org\/{rel}","templated":true}]}}

Viure una experiència gastronòmica inolvidable és el nostre repte des de 1993. Nosaltres hi posem la passió i l&#8217;entusiasme als fogons, la nostra filosofia és crear respectant l&#8217;essència d&#8217;una excel·lent matèria primera, combinant la cuina casolana i de mercat, sense complexos, amb elements innovadors i sorprenents.</p>
<p>Les nostres propostes culinàries, en harmonia amb l&#8217;amabilitat i el tracte amigable i familiar a la sala us garanteix que la vostra estada a casa nostra es converteixi en una experiència única. El plat estrella que oferim és <em>cuixent de peu de porc amb salsa pinzell</em>.<!--more-->Descans setmanal dimarts.</p>
<p>Entre setmana només dinars.</p>
<p>Els caps de setmana, divendres inclòs, fan tots els àpats.</p>
