{"id":799,"date":"2017-02-06T14:44:53","date_gmt":"2017-02-06T13:44:53","guid":{"rendered":"https:\/\/bagesturisme.cat\/?post_type=oci&#038;p=799"},"modified":"2017-08-04T09:27:35","modified_gmt":"2017-08-04T08:27:35","slug":"voila","status":"publish","type":"oci","link":"https:\/\/www.bagesturisme.cat\/en\/oci\/voila\/","title":{"rendered":"Voil\u00e0"},"content":{"rendered":"<p>El Voil\u00e0 caf\u00e8-teatre va obrir portes el 18 de juny de 2009 amb la clara intenci\u00f3 d\u2019oferir una programaci\u00f3 estable de m\u00fasica en directe de qualitat, des de llavors han passat pel nostre escenari centenars de m\u00fasics fent de cada concert una nit especial.<br \/>\nLa programaci\u00f3 del Voil\u00e0! inclou m\u00fasica en directe tots els dijous, divendres i dissabtes a m\u00e9s d\u2019actuacions destacades, cicles tem\u00e0tics, i representacions de petit format de manera puntual.<br \/>\nEl Voil\u00e0! \u00e9s un espai acollidor que mant\u00e9 l\u2019ess\u00e8ncia del primer dia, una sala per gaudir de la m\u00fasica en directe de manera tranquila, amb concerts propers en format ac\u00fastic per assaborir-los en bona companyia.<\/p>\n","protected":false},"author":2,"featured_media":2976,"template":"","class_list":["post-799","oci","type-oci","status-publish","has-post-thumbnail","hentry","municipi-manresa"],"acf":{"adreca":"C \/ C\u00f2s, 74 \u00b7 08241 Manresa","ubicacio":{"address":"voil\u00e0 manresa","lat":"41.725859","lng":"1.816337599999997"},"web":"http:\/\/voila.cat\/","email":"","tel":"938 726 050","galeria":false},"_links":{"self":[{"href":"https:\/\/www.bagesturisme.cat\/en\/wp-json\/wp\/v2\/oci\/799","targetHints":{"allow":["GET"]}}],"collection":[{"href":"https:\/\/www.bagesturisme.cat\/en\/wp-json\/wp\/v2\/oci"}],"about":[{"href":"https:\/\/www.bagesturisme.cat\/en\/wp-json\/wp\/v2\/types\/oci"}],"author":[{"embeddable":true,"href":"https:\/\/www.bagesturisme.cat\/en\/wp-json\/wp\/v2\/users\/2"}],"version-history":[{"count":4,"href":"https:\/\/www.bagesturisme.cat\/en\/wp-json\/wp\/v2\/oci\/799\/revisions"}],"predecessor-version":[{"id":2975,"href":"https:\/\/www.bagesturisme.cat\/en\/wp-json\/wp\/v2\/oci\/799\/revisions\/2975"}],"wp:featuredmedia":[{"embeddable":true,"href":"https:\/\/www.bagesturisme.cat\/en\/wp-json\/wp\/v2\/media\/2976"}],"wp:attachment":[{"href":"https:\/\/www.bagesturisme.cat\/en\/wp-json\/wp\/v2\/media?parent=799"}],"curies":[{"name":"wp","href":"https:\/\/api.w.org\/{rel}","templated":true}]}}

Voilà

<p>El Voilà cafè-teatre va obrir portes el 18 de juny de 2009 amb la clara intenció d’oferir una programació estable de música en directe de qualitat, des de llavors han passat pel nostre escenari centenars de músics fent de cada concert una nit especial.<br />
La programació del Voilà! inclou música en directe tots els dijous, divendres i dissabtes a més d’actuacions destacades, cicles temàtics, i representacions de petit format de manera puntual.<br />
El Voilà! és un espai acollidor que manté l’essència del primer dia, una sala per gaudir de la música en directe de manera tranquila, amb concerts propers en format acústic per assaborir-los en bona companyia.</p>

C / Còs, 74 · 08241 Manresa

voilà manresa
