{"id":4619,"date":"2017-10-09T16:29:03","date_gmt":"2017-10-09T15:29:03","guid":{"rendered":"https:\/\/bagesturisme.cat\/servei-escoles\/serveis-educatius-fundacio-cardona-historica-copy\/"},"modified":"2018-08-28T08:42:35","modified_gmt":"2018-08-28T07:42:35","slug":"serveis-educatius-fundacio-cardona-historica-2","status":"publish","type":"escoles","link":"https:\/\/www.bagesturisme.cat\/en\/servei-escoles\/serveis-educatius-fundacio-cardona-historica-2\/","title":{"rendered":"Copy"},"content":{"rendered":"Els serveis educatius de la Fundaci\u00f3 Cardona Hist\u00f2rica ofereixen\u00a0visites guiades\u00a0i un ampli ventall d\u2019activitats did\u00e0ctiques\u00a0adre\u00e7ades a tots els nivells educatius i orientades a descobrir i gaudir del valu\u00f3s patrimoni natural i hist\u00f2rico-cultural de Cardona.<\/p>\n<a href=\"http:\/\/cardonaturisme.cat\/ca\/escoles\/\" class=\"btn btn-primary btn-lg\">M\u00e9s informaci\u00f3<\/a>\n<p><!--more--><\/p>\n<p><a href=\"https:\/\/bagesturisme.cat\/wp-content\/uploads\/2017\/10\/Dossier-did\u00e0ctic-Muntanya-de-Sal.pdf\">Dossier did\u00e0ctic &#8220;Muntanya de sal&#8221;<\/a><\/p>\n<p>\u00a0","protected":false},"author":1,"featured_media":5731,"template":"","class_list":["post-4619","escoles","type-escoles","status-publish","has-post-thumbnail","hentry","municipi-cardona"],"acf":{"adreca":"Carretera de la Mina, s\/n. 08261, Cardona.","web":"http:\/\/cardonaturisme.cat","email":"informacio@cardonaturisme.cat","tel":"93 869 24 75","ubicacio":{"address":"Av. del Rastrillo, s\/n. 08261, Cardona.","lat":"41.9158547","lng":"1.6845670000000155"}},"_links":{"self":[{"href":"https:\/\/www.bagesturisme.cat\/en\/wp-json\/wp\/v2\/escoles\/4619","targetHints":{"allow":["GET"]}}],"collection":[{"href":"https:\/\/www.bagesturisme.cat\/en\/wp-json\/wp\/v2\/escoles"}],"about":[{"href":"https:\/\/www.bagesturisme.cat\/en\/wp-json\/wp\/v2\/types\/escoles"}],"author":[{"embeddable":true,"href":"https:\/\/www.bagesturisme.cat\/en\/wp-json\/wp\/v2\/users\/1"}],"version-history":[{"count":4,"href":"https:\/\/www.bagesturisme.cat\/en\/wp-json\/wp\/v2\/escoles\/4619\/revisions"}],"predecessor-version":[{"id":5815,"href":"https:\/\/www.bagesturisme.cat\/en\/wp-json\/wp\/v2\/escoles\/4619\/revisions\/5815"}],"wp:featuredmedia":[{"embeddable":true,"href":"https:\/\/www.bagesturisme.cat\/en\/wp-json\/wp\/v2\/media\/5731"}],"wp:attachment":[{"href":"https:\/\/www.bagesturisme.cat\/en\/wp-json\/wp\/v2\/media?parent=4619"}],"curies":[{"name":"wp","href":"https:\/\/api.w.org\/{rel}","templated":true}]}}

Els serveis educatius de la Fundació Cardona Històrica ofereixen visites guiades i un ampli ventall d’activitats didàctiques adreçades a tots els nivells educatius i orientades a descobrir i gaudir del valuós patrimoni natural i històrico-cultural de Cardona.</p>
<a href="http://cardonaturisme.cat/ca/escoles/" class="btn btn-primary btn-lg">Més informació</a>
<p><!--more--></p>
<p><a href="https://bagesturisme.cat/wp-content/uploads/2017/10/Dossier-didàctic-Muntanya-de-Sal.pdf">Dossier didàctic &#8220;Muntanya de sal&#8221;</a></p>
<p>
