{"id":5942,"date":"2018-09-13T14:23:05","date_gmt":"2018-09-13T13:23:05","guid":{"rendered":"https:\/\/bagesturisme.cat\/?post_type=allotjament&#038;p=5942"},"modified":"2021-02-24T08:49:51","modified_gmt":"2021-02-24T07:49:51","slug":"hotel-la-sagrera","status":"publish","type":"allotjament","link":"https:\/\/www.bagesturisme.cat\/en\/allotjament\/hotel-la-sagrera\/","title":{"rendered":"Hotel La Sagrera"},"content":{"rendered":"<p>L&#8217;actual Hotel La Sagrera, situat entre l&#8217;avinguda Bertrand i Serra per una banda i pel carrer Padr\u00f3 per l&#8217;altre, prenia antigament el nom de &#8220;Cal Carnicer&#8221;.<br \/>\nDurant quatre generacions es van dedicar a la venda de carn i durant una \u00e8poca a la pastura de ramat. L&#8217;edifici data del 1796, tal i com indica una pedra que hi ha sota el balc\u00f3 que dona al Carrer Padr\u00f3.<br \/>\nLa quarta generaci\u00f3, l&#8217;any 1992 va obrir l&#8217;Hotel, que porta el nom de La Sagrera.<br \/>\nDe la seva arquitectura destaca una volta de punt d&#8217;atmetlla que es troba al passad\u00eds que dona acc\u00e9s a l&#8217;escala que puja a les habitacions.<\/p>\n<p>Aquest element arquitect\u00f2nic va ser valorat com a punt d&#8217;inter\u00e8s hist\u00f2ric ja que no es solen veure aquest tipus de voltes.<\/p>\n","protected":false},"author":26,"featured_media":8668,"template":"","class_list":["post-5942","allotjament","type-allotjament","status-publish","has-post-thumbnail","hentry","municipi-sant-fruitos-de-bages","indicadors-pit"],"acf":{"adreca":"Avinguda Bertrand i Serra, 2","web":"http:\/\/www.hotelsagrera.cat","email":"","tel":"Tels. 93 626 27 92 \/ 684 414 910","galeria":[{"ID":7942,"id":7942,"title":"LA SAGRERA1","filename":"LA-SAGRERA1.jpg","filesize":0,"url":"https:\/\/www.bagesturisme.cat\/wp-content\/uploads\/2018\/09\/LA-SAGRERA1.jpg","link":"https:\/\/www.bagesturisme.cat\/en\/allotjament\/hotel-la-sagrera\/la-sagrera1\/","alt":"","author":"26","description":"","caption":"","name":"la-sagrera1","status":"inherit","uploaded_to":5942,"date":"2020-02-11 15:16:55","modified":"2020-02-11 15:17:13","menu_order":0,"mime_type":"image\/jpeg","type":"image","subtype":"jpeg","icon":"https:\/\/www.bagesturisme.cat\/wp-includes\/images\/media\/default.png","width":1200,"height":461,"sizes":{"thumbnail":"https:\/\/www.bagesturisme.cat\/wp-content\/uploads\/2018\/09\/LA-SAGRERA1-150x150.jpg","thumbnail-width":150,"thumbnail-height":150,"medium":"https:\/\/www.bagesturisme.cat\/wp-content\/uploads\/2018\/09\/LA-SAGRERA1-800x307.jpg","medium-width":800,"medium-height":307,"medium_large":"https:\/\/www.bagesturisme.cat\/wp-content\/uploads\/2018\/09\/LA-SAGRERA1-768x295.jpg","medium_large-width":768,"medium_large-height":295,"large":"https:\/\/www.bagesturisme.cat\/wp-content\/uploads\/2018\/09\/LA-SAGRERA1.jpg","large-width":1170,"large-height":449,"1536x1536":"https:\/\/www.bagesturisme.cat\/wp-content\/uploads\/2018\/09\/LA-SAGRERA1.jpg","1536x1536-width":1200,"1536x1536-height":461,"2048x2048":"https:\/\/www.bagesturisme.cat\/wp-content\/uploads\/2018\/09\/LA-SAGRERA1.jpg","2048x2048-width":1200,"2048x2048-height":461,"blog-large":"https:\/\/www.bagesturisme.cat\/wp-content\/uploads\/2018\/09\/LA-SAGRERA1.jpg","blog-large-width":669,"blog-large-height":257,"blog-medium":"https:\/\/www.bagesturisme.cat\/wp-content\/uploads\/2018\/09\/LA-SAGRERA1.jpg","blog-medium-width":320,"blog-medium-height":123,"recent-posts":"https:\/\/www.bagesturisme.cat\/wp-content\/uploads\/2018\/09\/LA-SAGRERA1.jpg","recent-posts-width":700,"recent-posts-height":269,"recent-works-thumbnail":"https:\/\/www.bagesturisme.cat\/wp-content\/uploads\/2018\/09\/LA-SAGRERA1.jpg","recent-works-thumbnail-width":66,"recent-works-thumbnail-height":25,"fusion-200":"https:\/\/www.bagesturisme.cat\/wp-content\/uploads\/2018\/09\/LA-SAGRERA1.jpg","fusion-200-width":200,"fusion-200-height":77,"fusion-400":"https:\/\/www.bagesturisme.cat\/wp-content\/uploads\/2018\/09\/LA-SAGRERA1.jpg","fusion-400-width":400,"fusion-400-height":154,"fusion-600":"https:\/\/www.bagesturisme.cat\/wp-content\/uploads\/2018\/09\/LA-SAGRERA1.jpg","fusion-600-width":600,"fusion-600-height":231,"fusion-800":"https:\/\/www.bagesturisme.cat\/wp-content\/uploads\/2018\/09\/LA-SAGRERA1.jpg","fusion-800-width":800,"fusion-800-height":307,"fusion-1200":"https:\/\/www.bagesturisme.cat\/wp-content\/uploads\/2018\/09\/LA-SAGRERA1.jpg","fusion-1200-width":1200,"fusion-1200-height":461,"portfolio-full":"https:\/\/www.bagesturisme.cat\/wp-content\/uploads\/2018\/09\/LA-SAGRERA1.jpg","portfolio-full-width":940,"portfolio-full-height":361,"portfolio-one":"https:\/\/www.bagesturisme.cat\/wp-content\/uploads\/2018\/09\/LA-SAGRERA1.jpg","portfolio-one-width":540,"portfolio-one-height":207,"portfolio-two":"https:\/\/www.bagesturisme.cat\/wp-content\/uploads\/2018\/09\/LA-SAGRERA1.jpg","portfolio-two-width":460,"portfolio-two-height":177,"portfolio-three":"https:\/\/www.bagesturisme.cat\/wp-content\/uploads\/2018\/09\/LA-SAGRERA1.jpg","portfolio-three-width":300,"portfolio-three-height":115,"portfolio-five":"https:\/\/www.bagesturisme.cat\/wp-content\/uploads\/2018\/09\/LA-SAGRERA1.jpg","portfolio-five-width":177,"portfolio-five-height":68}},{"ID":7943,"id":7943,"title":"LA SAGRERA2","filename":"LA-SAGRERA2.jpg","filesize":0,"url":"https:\/\/www.bagesturisme.cat\/wp-content\/uploads\/2018\/09\/LA-SAGRERA2.jpg","link":"https:\/\/www.bagesturisme.cat\/en\/allotjament\/hotel-la-sagrera\/la-sagrera2\/","alt":"","author":"26","description":"","caption":"","name":"la-sagrera2","status":"inherit","uploaded_to":5942,"date":"2020-02-11 15:16:55","modified":"2020-02-11 15:16:55","menu_order":0,"mime_type":"image\/jpeg","type":"image","subtype":"jpeg","icon":"https:\/\/www.bagesturisme.cat\/wp-includes\/images\/media\/default.png","width":1300,"height":700,"sizes":{"thumbnail":"https:\/\/www.bagesturisme.cat\/wp-content\/uploads\/2018\/09\/LA-SAGRERA2-150x150.jpg","thumbnail-width":150,"thumbnail-height":150,"medium":"https:\/\/www.bagesturisme.cat\/wp-content\/uploads\/2018\/09\/LA-SAGRERA2-743x400.jpg","medium-width":743,"medium-height":400,"medium_large":"https:\/\/www.bagesturisme.cat\/wp-content\/uploads\/2018\/09\/LA-SAGRERA2-768x414.jpg","medium_large-width":768,"medium_large-height":414,"large":"https:\/\/www.bagesturisme.cat\/wp-content\/uploads\/2018\/09\/LA-SAGRERA2-1280x689.jpg","large-width":1170,"large-height":630,"1536x1536":"https:\/\/www.bagesturisme.cat\/wp-content\/uploads\/2018\/09\/LA-SAGRERA2.jpg","1536x1536-width":1300,"1536x1536-height":700,"2048x2048":"https:\/\/www.bagesturisme.cat\/wp-content\/uploads\/2018\/09\/LA-SAGRERA2.jpg","2048x2048-width":1300,"2048x2048-height":700,"blog-large":"https:\/\/www.bagesturisme.cat\/wp-content\/uploads\/2018\/09\/LA-SAGRERA2.jpg","blog-large-width":505,"blog-large-height":272,"blog-medium":"https:\/\/www.bagesturisme.cat\/wp-content\/uploads\/2018\/09\/LA-SAGRERA2.jpg","blog-medium-width":320,"blog-medium-height":172,"recent-posts":"https:\/\/www.bagesturisme.cat\/wp-content\/uploads\/2018\/09\/LA-SAGRERA2.jpg","recent-posts-width":700,"recent-posts-height":377,"recent-works-thumbnail":"https:\/\/www.bagesturisme.cat\/wp-content\/uploads\/2018\/09\/LA-SAGRERA2.jpg","recent-works-thumbnail-width":66,"recent-works-thumbnail-height":36,"fusion-200":"https:\/\/www.bagesturisme.cat\/wp-content\/uploads\/2018\/09\/LA-SAGRERA2.jpg","fusion-200-width":200,"fusion-200-height":108,"fusion-400":"https:\/\/www.bagesturisme.cat\/wp-content\/uploads\/2018\/09\/LA-SAGRERA2.jpg","fusion-400-width":400,"fusion-400-height":215,"fusion-600":"https:\/\/www.bagesturisme.cat\/wp-content\/uploads\/2018\/09\/LA-SAGRERA2.jpg","fusion-600-width":600,"fusion-600-height":323,"fusion-800":"https:\/\/www.bagesturisme.cat\/wp-content\/uploads\/2018\/09\/LA-SAGRERA2.jpg","fusion-800-width":800,"fusion-800-height":431,"fusion-1200":"https:\/\/www.bagesturisme.cat\/wp-content\/uploads\/2018\/09\/LA-SAGRERA2.jpg","fusion-1200-width":1200,"fusion-1200-height":646,"portfolio-full":"https:\/\/www.bagesturisme.cat\/wp-content\/uploads\/2018\/09\/LA-SAGRERA2.jpg","portfolio-full-width":743,"portfolio-full-height":400,"portfolio-one":"https:\/\/www.bagesturisme.cat\/wp-content\/uploads\/2018\/09\/LA-SAGRERA2.jpg","portfolio-one-width":505,"portfolio-one-height":272,"portfolio-two":"https:\/\/www.bagesturisme.cat\/wp-content\/uploads\/2018\/09\/LA-SAGRERA2.jpg","portfolio-two-width":460,"portfolio-two-height":248,"portfolio-three":"https:\/\/www.bagesturisme.cat\/wp-content\/uploads\/2018\/09\/LA-SAGRERA2.jpg","portfolio-three-width":300,"portfolio-three-height":162,"portfolio-five":"https:\/\/www.bagesturisme.cat\/wp-content\/uploads\/2018\/09\/LA-SAGRERA2.jpg","portfolio-five-width":177,"portfolio-five-height":95}},{"ID":7944,"id":7944,"title":"LA SAGRERA3","filename":"LA-SAGRERA3.jpg","filesize":0,"url":"https:\/\/www.bagesturisme.cat\/wp-content\/uploads\/2018\/09\/LA-SAGRERA3.jpg","link":"https:\/\/www.bagesturisme.cat\/en\/allotjament\/hotel-la-sagrera\/la-sagrera3\/","alt":"","author":"26","description":"","caption":"","name":"la-sagrera3","status":"inherit","uploaded_to":5942,"date":"2020-02-11 15:16:56","modified":"2020-02-11 15:16:56","menu_order":0,"mime_type":"image\/jpeg","type":"image","subtype":"jpeg","icon":"https:\/\/www.bagesturisme.cat\/wp-includes\/images\/media\/default.png","width":1300,"height":700,"sizes":{"thumbnail":"https:\/\/www.bagesturisme.cat\/wp-content\/uploads\/2018\/09\/LA-SAGRERA3-150x150.jpg","thumbnail-width":150,"thumbnail-height":150,"medium":"https:\/\/www.bagesturisme.cat\/wp-content\/uploads\/2018\/09\/LA-SAGRERA3-743x400.jpg","medium-width":743,"medium-height":400,"medium_large":"https:\/\/www.bagesturisme.cat\/wp-content\/uploads\/2018\/09\/LA-SAGRERA3-768x414.jpg","medium_large-width":768,"medium_large-height":414,"large":"https:\/\/www.bagesturisme.cat\/wp-content\/uploads\/2018\/09\/LA-SAGRERA3-1280x689.jpg","large-width":1170,"large-height":630,"1536x1536":"https:\/\/www.bagesturisme.cat\/wp-content\/uploads\/2018\/09\/LA-SAGRERA3.jpg","1536x1536-width":1300,"1536x1536-height":700,"2048x2048":"https:\/\/www.bagesturisme.cat\/wp-content\/uploads\/2018\/09\/LA-SAGRERA3.jpg","2048x2048-width":1300,"2048x2048-height":700,"blog-large":"https:\/\/www.bagesturisme.cat\/wp-content\/uploads\/2018\/09\/LA-SAGRERA3.jpg","blog-large-width":505,"blog-large-height":272,"blog-medium":"https:\/\/www.bagesturisme.cat\/wp-content\/uploads\/2018\/09\/LA-SAGRERA3.jpg","blog-medium-width":320,"blog-medium-height":172,"recent-posts":"https:\/\/www.bagesturisme.cat\/wp-content\/uploads\/2018\/09\/LA-SAGRERA3.jpg","recent-posts-width":700,"recent-posts-height":377,"recent-works-thumbnail":"https:\/\/www.bagesturisme.cat\/wp-content\/uploads\/2018\/09\/LA-SAGRERA3.jpg","recent-works-thumbnail-width":66,"recent-works-thumbnail-height":36,"fusion-200":"https:\/\/www.bagesturisme.cat\/wp-content\/uploads\/2018\/09\/LA-SAGRERA3.jpg","fusion-200-width":200,"fusion-200-height":108,"fusion-400":"https:\/\/www.bagesturisme.cat\/wp-content\/uploads\/2018\/09\/LA-SAGRERA3.jpg","fusion-400-width":400,"fusion-400-height":215,"fusion-600":"https:\/\/www.bagesturisme.cat\/wp-content\/uploads\/2018\/09\/LA-SAGRERA3.jpg","fusion-600-width":600,"fusion-600-height":323,"fusion-800":"https:\/\/www.bagesturisme.cat\/wp-content\/uploads\/2018\/09\/LA-SAGRERA3.jpg","fusion-800-width":800,"fusion-800-height":431,"fusion-1200":"https:\/\/www.bagesturisme.cat\/wp-content\/uploads\/2018\/09\/LA-SAGRERA3.jpg","fusion-1200-width":1200,"fusion-1200-height":646,"portfolio-full":"https:\/\/www.bagesturisme.cat\/wp-content\/uploads\/2018\/09\/LA-SAGRERA3.jpg","portfolio-full-width":743,"portfolio-full-height":400,"portfolio-one":"https:\/\/www.bagesturisme.cat\/wp-content\/uploads\/2018\/09\/LA-SAGRERA3.jpg","portfolio-one-width":505,"portfolio-one-height":272,"portfolio-two":"https:\/\/www.bagesturisme.cat\/wp-content\/uploads\/2018\/09\/LA-SAGRERA3.jpg","portfolio-two-width":460,"portfolio-two-height":248,"portfolio-three":"https:\/\/www.bagesturisme.cat\/wp-content\/uploads\/2018\/09\/LA-SAGRERA3.jpg","portfolio-three-width":300,"portfolio-three-height":162,"portfolio-five":"https:\/\/www.bagesturisme.cat\/wp-content\/uploads\/2018\/09\/LA-SAGRERA3.jpg","portfolio-five-width":177,"portfolio-five-height":95}}],"ubicacio":{"address":"Av. Bertrand i Serra, 2, 08272 Sant Fruit\u00f3s de Bages, Barcelona, Espa\u00f1a","lat":"41.751275948971205","lng":"1.8724927679156735"}},"_links":{"self":[{"href":"https:\/\/www.bagesturisme.cat\/en\/wp-json\/wp\/v2\/allotjament\/5942","targetHints":{"allow":["GET"]}}],"collection":[{"href":"https:\/\/www.bagesturisme.cat\/en\/wp-json\/wp\/v2\/allotjament"}],"about":[{"href":"https:\/\/www.bagesturisme.cat\/en\/wp-json\/wp\/v2\/types\/allotjament"}],"author":[{"embeddable":true,"href":"https:\/\/www.bagesturisme.cat\/en\/wp-json\/wp\/v2\/users\/26"}],"version-history":[{"count":4,"href":"https:\/\/www.bagesturisme.cat\/en\/wp-json\/wp\/v2\/allotjament\/5942\/revisions"}],"predecessor-version":[{"id":7947,"href":"https:\/\/www.bagesturisme.cat\/en\/wp-json\/wp\/v2\/allotjament\/5942\/revisions\/7947"}],"wp:featuredmedia":[{"embeddable":true,"href":"https:\/\/www.bagesturisme.cat\/en\/wp-json\/wp\/v2\/media\/8668"}],"wp:attachment":[{"href":"https:\/\/www.bagesturisme.cat\/en\/wp-json\/wp\/v2\/media?parent=5942"}],"curies":[{"name":"wp","href":"https:\/\/api.w.org\/{rel}","templated":true}]}}

<p>L&#8217;actual Hotel La Sagrera, situat entre l&#8217;avinguda Bertrand i Serra per una banda i pel carrer Padró per l&#8217;altre, prenia antigament el nom de &#8220;Cal Carnicer&#8221;.<br />
Durant quatre generacions es van dedicar a la venda de carn i durant una època a la pastura de ramat. L&#8217;edifici data del 1796, tal i com indica una pedra que hi ha sota el balcó que dona al Carrer Padró.<br />
La quarta generació, l&#8217;any 1992 va obrir l&#8217;Hotel, que porta el nom de La Sagrera.<br />
De la seva arquitectura destaca una volta de punt d&#8217;atmetlla que es troba al passadís que dona accés a l&#8217;escala que puja a les habitacions.</p>
<p>Aquest element arquitectònic va ser valorat com a punt d&#8217;interès històric ja que no es solen veure aquest tipus de voltes.</p>

Av. Bertrand i Serra, 2, 08272 Sant Fruitós de Bages, Barcelona, España
