{"id":5229,"date":"2017-12-29T08:52:15","date_gmt":"2017-12-29T07:52:15","guid":{"rendered":"https:\/\/bagesturisme.cat\/?post_type=activitats&#038;p=5229"},"modified":"2017-12-29T08:52:41","modified_gmt":"2017-12-29T07:52:41","slug":"pedalant-entre-vinyes","status":"publish","type":"activitats","link":"https:\/\/www.bagesturisme.cat\/en\/activitat\/pedalant-entre-vinyes\/","title":{"rendered":"Pedalant entre vinyes"},"content":{"rendered":"<p>&#8220;una matinal de bici, vinya i vins!&#8221;<\/p>\n<p>Ruta en BTT el\u00e8ctrica de 20Km entre boscos, camps de cereals i vinyes, la Font de Cal Rovira i el poble de Salelles.<br \/>\nEn acabar la ruta, el Quim del celler Fargas Fargas explicar\u00e0, des de la petita barraca de la finca, la feina al seu celler, far\u00e0 un tast dels seus vins i us oferir\u00e0 un \u00e0pat a l&#8217;era del celler.<\/p>\n","protected":false},"author":29,"featured_media":5230,"template":"","tags":[],"class_list":["post-5229","activitats","type-activitats","status-publish","has-post-thumbnail","hentry","municipi-sant-salvador-de-guardiola","tipus-gastronomia","tipus-enoturisme"],"acf":{"email":"bagesterradevins@bagesterradevins.cat","adreca":"Salelles","web":"http:\/\/bagesterradevins.cat\/event\/pedalant-entre-vinyes","telefon":"686108724","entitat":"bagesterradevins","galeria":false,"ubicacio":{"address":"salelles","lat":"41.701768","lng":"1.7858846999999969"}},"_links":{"self":[{"href":"https:\/\/www.bagesturisme.cat\/en\/wp-json\/wp\/v2\/activitats\/5229","targetHints":{"allow":["GET"]}}],"collection":[{"href":"https:\/\/www.bagesturisme.cat\/en\/wp-json\/wp\/v2\/activitats"}],"about":[{"href":"https:\/\/www.bagesturisme.cat\/en\/wp-json\/wp\/v2\/types\/activitats"}],"author":[{"embeddable":true,"href":"https:\/\/www.bagesturisme.cat\/en\/wp-json\/wp\/v2\/users\/29"}],"version-history":[{"count":3,"href":"https:\/\/www.bagesturisme.cat\/en\/wp-json\/wp\/v2\/activitats\/5229\/revisions"}],"predecessor-version":[{"id":5268,"href":"https:\/\/www.bagesturisme.cat\/en\/wp-json\/wp\/v2\/activitats\/5229\/revisions\/5268"}],"wp:featuredmedia":[{"embeddable":true,"href":"https:\/\/www.bagesturisme.cat\/en\/wp-json\/wp\/v2\/media\/5230"}],"wp:attachment":[{"href":"https:\/\/www.bagesturisme.cat\/en\/wp-json\/wp\/v2\/media?parent=5229"}],"wp:term":[{"taxonomy":"post_tag","embeddable":true,"href":"https:\/\/www.bagesturisme.cat\/en\/wp-json\/wp\/v2\/tags?post=5229"}],"curies":[{"name":"wp","href":"https:\/\/api.w.org\/{rel}","templated":true}]}}

<p>&#8220;una matinal de bici, vinya i vins!&#8221;</p>
<p>Ruta en BTT elèctrica de 20Km entre boscos, camps de cereals i vinyes, la Font de Cal Rovira i el poble de Salelles.<br />
En acabar la ruta, el Quim del celler Fargas Fargas explicarà, des de la petita barraca de la finca, la feina al seu celler, farà un tast dels seus vins i us oferirà un àpat a l&#8217;era del celler.</p>
